{"id":1642,"date":"2020-03-09T22:21:58","date_gmt":"2020-03-09T21:21:58","guid":{"rendered":"https:\/\/www.augelegalfiscal.com\/domaines-d-action\/propriete-intellectuelle-et-industrielle\/"},"modified":"2023-03-14T12:50:08","modified_gmt":"2023-03-14T11:50:08","slug":"propriete-intellectuelle-et-industrielle","status":"publish","type":"page","link":"https:\/\/www.augelegalfiscal.com\/fr\/services-aux-entreprises\/propriete-intellectuelle-et-industrielle\/","title":{"rendered":"Propri\u00e9t\u00e9 intellectuelle"},"content":{"rendered":"\t\t<div data-elementor-type=\"wp-page\" data-elementor-id=\"1642\" class=\"elementor elementor-1642 elementor-369\" data-elementor-post-type=\"page\">\n\t\t\t\t\t\t<section class=\"elementor-section elementor-top-section elementor-element elementor-element-24a0fa69 elementor-section-boxed elementor-section-height-default elementor-section-height-default\" data-id=\"24a0fa69\" data-element_type=\"section\" id=\"page-hero\" data-settings=\"{&quot;background_background&quot;:&quot;classic&quot;,&quot;animation&quot;:&quot;none&quot;}\">\n\t\t\t\t\t\t<div class=\"elementor-container elementor-column-gap-default\">\n\t\t\t\t\t<div class=\"elementor-column elementor-col-100 elementor-top-column elementor-element elementor-element-1804d35\" data-id=\"1804d35\" data-element_type=\"column\">\n\t\t\t<div class=\"elementor-widget-wrap elementor-element-populated\">\n\t\t\t\t\t\t<div class=\"elementor-element elementor-element-1716fa01 elementor-widget elementor-widget-heading\" data-id=\"1716fa01\" data-element_type=\"widget\" data-widget_type=\"heading.default\">\n\t\t\t\t<div class=\"elementor-widget-container\">\n\t\t\t\t\t<h1 class=\"elementor-heading-title elementor-size-default\">Propri\u00e9t\u00e9 intellectuelle et industrielle<\/h1>\t\t\t\t<\/div>\n\t\t\t\t<\/div>\n\t\t\t\t\t<\/div>\n\t\t<\/div>\n\t\t\t\t\t<\/div>\n\t\t<\/section>\n\t\t\t\t<section class=\"elementor-section elementor-top-section elementor-element elementor-element-7ed37e39 elementor-section-boxed elementor-section-height-default elementor-section-height-default\" data-id=\"7ed37e39\" data-element_type=\"section\" data-settings=\"{&quot;background_background&quot;:&quot;classic&quot;}\">\n\t\t\t\t\t\t<div class=\"elementor-container elementor-column-gap-default\">\n\t\t\t\t\t<div class=\"elementor-column elementor-col-100 elementor-top-column elementor-element elementor-element-39ce6095\" data-id=\"39ce6095\" data-element_type=\"column\">\n\t\t\t<div class=\"elementor-widget-wrap elementor-element-populated\">\n\t\t\t\t\t\t<div class=\"elementor-element elementor-element-349ba56a elementor-widget elementor-widget-text-editor\" data-id=\"349ba56a\" data-element_type=\"widget\" data-widget_type=\"text-editor.default\">\n\t\t\t\t<div class=\"elementor-widget-container\">\n\t\t\t\t\t\t\t\t\t<p>Aug\u00e9 Legal&amp;Fiscal d\u00e9fend les int\u00e9r\u00eats de ses clients en mati\u00e8re de <span style=\"color: #a22d58;\"><strong>Propri\u00e9t\u00e9 intellectuelle<\/strong><\/span> depuis 1996, tant en termes de registre que de contentieux. Une exp\u00e9rience qui en fait une v\u00e9ritable r\u00e9f\u00e9rence nationale.<\/p>\n\t\t\t\t\t\t\t\t<\/div>\n\t\t\t\t<\/div>\n\t\t\t\t\t<\/div>\n\t\t<\/div>\n\t\t\t\t\t<\/div>\n\t\t<\/section>\n\t\t\t\t<section class=\"elementor-section elementor-top-section elementor-element elementor-element-797f61c2 elementor-section-boxed elementor-section-height-default elementor-section-height-default\" data-id=\"797f61c2\" data-element_type=\"section\" data-settings=\"{&quot;background_background&quot;:&quot;classic&quot;}\">\n\t\t\t\t\t\t<div class=\"elementor-container elementor-column-gap-default\">\n\t\t\t\t\t<div class=\"elementor-column elementor-col-66 elementor-top-column elementor-element elementor-element-114fa44e\" data-id=\"114fa44e\" data-element_type=\"column\">\n\t\t\t<div class=\"elementor-widget-wrap elementor-element-populated\">\n\t\t\t\t\t\t<div class=\"elementor-element elementor-element-66c0ca46 elementor-widget elementor-widget-text-editor\" data-id=\"66c0ca46\" data-element_type=\"widget\" data-widget_type=\"text-editor.default\">\n\t\t\t\t<div class=\"elementor-widget-container\">\n\t\t\t\t\t\t\t\t\t<p>Le D\u00e9partement de propri\u00e9t\u00e9 intellectuelle a vu le jour lors de l\u2019adoption du cadre juridique relatif aux marques de 1995 (Loi du 11 mai 1995 et R\u00e8glement du 28 d\u00e9cembre 2015).<\/p>\n<p>M.<strong> Pere Aug\u00e9<\/strong>\u00a0fut l\u2019un des premiers mandataires accr\u00e9dit\u00e9s par l\u2019Office des marques et brevets de la Principaut\u00e9 d\u2019Andorre (OMPA). ). En 2015 (Loi 26\/2014 du 30 octobre et R\u00e8glement du 22 juillet 2015), Aug\u00e9 Grup a \u00e9tendu l\u2019offre de ses services au registre et au contentieux dans le domaine des brevets lors de l\u2019adoption de la loi et du r\u00e8glement relatifs aux brevets en Andorre. Cette sp\u00e9cialit\u00e9 permet \u00e9galement de repr\u00e9senter les int\u00e9r\u00eats des clients en mati\u00e8re de droits d\u2019auteur et assimil\u00e9s, notamment \u00e0 travers l\u2019Institution de droit public pour la gestion collective desdits droits.<\/p>\n<p>Un cadre juridique concernant les signes de l\u2019\u00c9tat et les domaines \u00ab .ad \u00bb comprenant les sp\u00e9cificit\u00e9s propres \u00e0 l\u2019Andorre a \u00e9galement \u00e9t\u00e9 mis en place (R\u00e8glement du 20 septembre 2000).<\/p>\n<p>L\u2019ouverture \u00e9conomique du pays et le nouveau cadre fiscal homologu\u00e9 \u00e0 l\u2019\u00e9chelle mondiale a cr\u00e9\u00e9 des opportunit\u00e9s pour les soci\u00e9t\u00e9s andorranes de gestion de biens intangibles, notamment en mati\u00e8re de propri\u00e9t\u00e9 intellectuelle et industrielle. Par ailleurs, le d\u00e9p\u00f4t d\u2019une marque et\/ou d\u2019un brevet andorran contribue, conjointement avec d\u2019autres crit\u00e8res l\u00e9gaux, \u00e0 renforcer l\u2019activit\u00e9 d\u2019une soci\u00e9t\u00e9 andorrane.<\/p>\n\t\t\t\t\t\t\t\t<\/div>\n\t\t\t\t<\/div>\n\t\t\t\t\t<\/div>\n\t\t<\/div>\n\t\t\t\t<div class=\"elementor-column elementor-col-33 elementor-top-column elementor-element elementor-element-7eee5421\" data-id=\"7eee5421\" data-element_type=\"column\">\n\t\t\t<div class=\"elementor-widget-wrap elementor-element-populated\">\n\t\t\t\t\t\t<div class=\"elementor-element elementor-element-1a8ec887 elementor-icon-list--layout-traditional elementor-list-item-link-full_width elementor-widget elementor-widget-icon-list\" data-id=\"1a8ec887\" data-element_type=\"widget\" data-widget_type=\"icon-list.default\">\n\t\t\t\t<div class=\"elementor-widget-container\">\n\t\t\t\t\t\t\t<ul class=\"elementor-icon-list-items\">\n\t\t\t\t\t\t\t<li class=\"elementor-icon-list-item\">\n\t\t\t\t\t\t\t\t\t\t\t<a href=\"https:\/\/www.augelegalfiscal.com\/fr\/area-intelectual\/depot-de-marques\/\">\n\n\t\t\t\t\t\t\t\t\t\t\t\t<span class=\"elementor-icon-list-icon\">\n\t\t\t\t\t\t\t<i aria-hidden=\"true\" class=\"fas fa-chevron-right\"><\/i>\t\t\t\t\t\t<\/span>\n\t\t\t\t\t\t\t\t\t\t<span class=\"elementor-icon-list-text\">D\u00e9p\u00f4t de marques<\/span>\n\t\t\t\t\t\t\t\t\t\t\t<\/a>\n\t\t\t\t\t\t\t\t\t<\/li>\n\t\t\t\t\t\t\t\t<li class=\"elementor-icon-list-item\">\n\t\t\t\t\t\t\t\t\t\t\t<a href=\"https:\/\/www.augelegalfiscal.com\/fr\/area-intelectual\/depot-de-brevets\/\">\n\n\t\t\t\t\t\t\t\t\t\t\t\t<span class=\"elementor-icon-list-icon\">\n\t\t\t\t\t\t\t<i aria-hidden=\"true\" class=\"fas fa-chevron-right\"><\/i>\t\t\t\t\t\t<\/span>\n\t\t\t\t\t\t\t\t\t\t<span class=\"elementor-icon-list-text\">D\u00e9p\u00f4t de brevets<\/span>\n\t\t\t\t\t\t\t\t\t\t\t<\/a>\n\t\t\t\t\t\t\t\t\t<\/li>\n\t\t\t\t\t\t\t\t<li class=\"elementor-icon-list-item\">\n\t\t\t\t\t\t\t\t\t\t\t<a href=\"https:\/\/www.augelegalfiscal.com\/fr\/area-intelectual\/registre-de-domaines-ad\/\">\n\n\t\t\t\t\t\t\t\t\t\t\t\t<span class=\"elementor-icon-list-icon\">\n\t\t\t\t\t\t\t<i aria-hidden=\"true\" class=\"fas fa-chevron-right\"><\/i>\t\t\t\t\t\t<\/span>\n\t\t\t\t\t\t\t\t\t\t<span class=\"elementor-icon-list-text\">Registre de domaines \u00ab.ad\u00bb<\/span>\n\t\t\t\t\t\t\t\t\t\t\t<\/a>\n\t\t\t\t\t\t\t\t\t<\/li>\n\t\t\t\t\t\t\t\t<li class=\"elementor-icon-list-item\">\n\t\t\t\t\t\t\t\t\t\t\t<a href=\"https:\/\/www.augelegalfiscal.com\/fr\/area-intelectual\/gestion-des-droits-dauteur\/\">\n\n\t\t\t\t\t\t\t\t\t\t\t\t<span class=\"elementor-icon-list-icon\">\n\t\t\t\t\t\t\t<i aria-hidden=\"true\" class=\"fas fa-chevron-right\"><\/i>\t\t\t\t\t\t<\/span>\n\t\t\t\t\t\t\t\t\t\t<span class=\"elementor-icon-list-text\">Droits d\u2019auteur<\/span>\n\t\t\t\t\t\t\t\t\t\t\t<\/a>\n\t\t\t\t\t\t\t\t\t<\/li>\n\t\t\t\t\t\t\t\t<li class=\"elementor-icon-list-item\">\n\t\t\t\t\t\t\t\t\t\t\t<a href=\"https:\/\/www.augelegalfiscal.com\/fr\/area-intelectual\/blockchain\/\">\n\n\t\t\t\t\t\t\t\t\t\t\t\t<span class=\"elementor-icon-list-icon\">\n\t\t\t\t\t\t\t<i aria-hidden=\"true\" class=\"fas fa-chevron-right\"><\/i>\t\t\t\t\t\t<\/span>\n\t\t\t\t\t\t\t\t\t\t<span class=\"elementor-icon-list-text\">Blockchain<\/span>\n\t\t\t\t\t\t\t\t\t\t\t<\/a>\n\t\t\t\t\t\t\t\t\t<\/li>\n\t\t\t\t\t\t\t\t<li class=\"elementor-icon-list-item\">\n\t\t\t\t\t\t\t\t\t\t\t<a href=\"https:\/\/www.augelegalfiscal.com\/fr\/area-intelectual\/big-data\/\">\n\n\t\t\t\t\t\t\t\t\t\t\t\t<span class=\"elementor-icon-list-icon\">\n\t\t\t\t\t\t\t<i aria-hidden=\"true\" class=\"fas fa-chevron-right\"><\/i>\t\t\t\t\t\t<\/span>\n\t\t\t\t\t\t\t\t\t\t<span class=\"elementor-icon-list-text\">Big Data<\/span>\n\t\t\t\t\t\t\t\t\t\t\t<\/a>\n\t\t\t\t\t\t\t\t\t<\/li>\n\t\t\t\t\t\t<\/ul>\n\t\t\t\t\t\t<\/div>\n\t\t\t\t<\/div>\n\t\t\t\t\t<\/div>\n\t\t<\/div>\n\t\t\t\t\t<\/div>\n\t\t<\/section>\n\t\t\t\t<\/div>\n\t\t","protected":false},"excerpt":{"rendered":"<p>Propri\u00e9t\u00e9 intellectuelle et industrielle Aug\u00e9 Legal&amp;Fiscal d\u00e9fend les int\u00e9r\u00eats de ses clients en mati\u00e8re de Propri\u00e9t\u00e9 intellectuelle depuis 1996, tant en termes de registre que de contentieux. Une exp\u00e9rience qui en fait une v\u00e9ritable r\u00e9f\u00e9rence nationale. Le D\u00e9partement de propri\u00e9t\u00e9 intellectuelle a vu le jour lors de l\u2019adoption du cadre juridique relatif aux marques de [&hellip;]<\/p>\n","protected":false},"author":1,"featured_media":0,"parent":1142,"menu_order":0,"comment_status":"closed","ping_status":"closed","template":"","meta":{"_acf_changed":false,"footnotes":""},"class_list":["post-1642","page","type-page","status-publish","hentry"],"acf":[],"_links":{"self":[{"href":"https:\/\/www.augelegalfiscal.com\/fr\/wp-json\/wp\/v2\/pages\/1642","targetHints":{"allow":["GET"]}}],"collection":[{"href":"https:\/\/www.augelegalfiscal.com\/fr\/wp-json\/wp\/v2\/pages"}],"about":[{"href":"https:\/\/www.augelegalfiscal.com\/fr\/wp-json\/wp\/v2\/types\/page"}],"author":[{"embeddable":true,"href":"https:\/\/www.augelegalfiscal.com\/fr\/wp-json\/wp\/v2\/users\/1"}],"replies":[{"embeddable":true,"href":"https:\/\/www.augelegalfiscal.com\/fr\/wp-json\/wp\/v2\/comments?post=1642"}],"version-history":[{"count":4,"href":"https:\/\/www.augelegalfiscal.com\/fr\/wp-json\/wp\/v2\/pages\/1642\/revisions"}],"predecessor-version":[{"id":7596,"href":"https:\/\/www.augelegalfiscal.com\/fr\/wp-json\/wp\/v2\/pages\/1642\/revisions\/7596"}],"up":[{"embeddable":true,"href":"https:\/\/www.augelegalfiscal.com\/fr\/wp-json\/wp\/v2\/pages\/1142"}],"wp:attachment":[{"href":"https:\/\/www.augelegalfiscal.com\/fr\/wp-json\/wp\/v2\/media?parent=1642"}],"curies":[{"name":"wp","href":"https:\/\/api.w.org\/{rel}","templated":true}]}}

Propriété intellectuelle

<div data-elementor-type="wp-page" data-elementor-id="1642" class="elementor elementor-1642 elementor-369" data-elementor-post-type="page">
						<section class="elementor-section elementor-top-section elementor-element elementor-element-24a0fa69 elementor-section-boxed elementor-section-height-default elementor-section-height-default" data-id="24a0fa69" data-element_type="section" id="page-hero" data-settings="{&quot;background_background&quot;:&quot;classic&quot;,&quot;animation&quot;:&quot;none&quot;}">
						<div class="elementor-container elementor-column-gap-default">
					<div class="elementor-column elementor-col-100 elementor-top-column elementor-element elementor-element-1804d35" data-id="1804d35" data-element_type="column">
			<div class="elementor-widget-wrap elementor-element-populated">
						<div class="elementor-element elementor-element-1716fa01 elementor-widget elementor-widget-heading" data-id="1716fa01" data-element_type="widget" data-widget_type="heading.default">
				<div class="elementor-widget-container">
					<h1 class="elementor-heading-title elementor-size-default">Propriété intellectuelle et industrielle</h1>				</div>
				</div>
					</div>
		</div>
					</div>
		</section>
				<section class="elementor-section elementor-top-section elementor-element elementor-element-7ed37e39 elementor-section-boxed elementor-section-height-default elementor-section-height-default" data-id="7ed37e39" data-element_type="section" data-settings="{&quot;background_background&quot;:&quot;classic&quot;}">
						<div class="elementor-container elementor-column-gap-default">
					<div class="elementor-column elementor-col-100 elementor-top-column elementor-element elementor-element-39ce6095" data-id="39ce6095" data-element_type="column">
			<div class="elementor-widget-wrap elementor-element-populated">
						<div class="elementor-element elementor-element-349ba56a elementor-widget elementor-widget-text-editor" data-id="349ba56a" data-element_type="widget" data-widget_type="text-editor.default">
				<div class="elementor-widget-container">
									<p>Augé Legal&amp;Fiscal défend les intérêts de ses clients en matière de <span style="color: #a22d58;"><strong>Propriété intellectuelle</strong></span> depuis 1996, tant en termes de registre que de contentieux. Une expérience qui en fait une véritable référence nationale.</p>
								</div>
				</div>
					</div>
		</div>
					</div>
		</section>
				<section class="elementor-section elementor-top-section elementor-element elementor-element-797f61c2 elementor-section-boxed elementor-section-height-default elementor-section-height-default" data-id="797f61c2" data-element_type="section" data-settings="{&quot;background_background&quot;:&quot;classic&quot;}">
						<div class="elementor-container elementor-column-gap-default">
					<div class="elementor-column elementor-col-66 elementor-top-column elementor-element elementor-element-114fa44e" data-id="114fa44e" data-element_type="column">
			<div class="elementor-widget-wrap elementor-element-populated">
						<div class="elementor-element elementor-element-66c0ca46 elementor-widget elementor-widget-text-editor" data-id="66c0ca46" data-element_type="widget" data-widget_type="text-editor.default">
				<div class="elementor-widget-container">
									<p>Le Département de propriété intellectuelle a vu le jour lors de l’adoption du cadre juridique relatif aux marques de 1995 (Loi du 11 mai 1995 et Règlement du 28 décembre 2015).</p>
<p>M.<strong> Pere Augé</strong> fut l’un des premiers mandataires accrédités par l’Office des marques et brevets de la Principauté d’Andorre (OMPA). ). En 2015 (Loi 26/2014 du 30 octobre et Règlement du 22 juillet 2015), Augé Grup a étendu l’offre de ses services au registre et au contentieux dans le domaine des brevets lors de l’adoption de la loi et du règlement relatifs aux brevets en Andorre. Cette spécialité permet également de représenter les intérêts des clients en matière de droits d’auteur et assimilés, notamment à travers l’Institution de droit public pour la gestion collective desdits droits.</p>
<p>Un cadre juridique concernant les signes de l’État et les domaines « .ad » comprenant les spécificités propres à l’Andorre a également été mis en place (Règlement du 20 septembre 2000).</p>
<p>L’ouverture économique du pays et le nouveau cadre fiscal homologué à l’échelle mondiale a créé des opportunités pour les sociétés andorranes de gestion de biens intangibles, notamment en matière de propriété intellectuelle et industrielle. Par ailleurs, le dépôt d’une marque et/ou d’un brevet andorran contribue, conjointement avec d’autres critères légaux, à renforcer l’activité d’une société andorrane.</p>
								</div>
				</div>
					</div>
		</div>
				<div class="elementor-column elementor-col-33 elementor-top-column elementor-element elementor-element-7eee5421" data-id="7eee5421" data-element_type="column">
			<div class="elementor-widget-wrap elementor-element-populated">
						<div class="elementor-element elementor-element-1a8ec887 elementor-icon-list--layout-traditional elementor-list-item-link-full_width elementor-widget elementor-widget-icon-list" data-id="1a8ec887" data-element_type="widget" data-widget_type="icon-list.default">
				<div class="elementor-widget-container">
							<ul class="elementor-icon-list-items">
							<li class="elementor-icon-list-item">
											<a href="https://www.augelegalfiscal.com/fr/area-intelectual/depot-de-marques/">

												<span class="elementor-icon-list-icon">
							<i aria-hidden="true" class="fas fa-chevron-right"></i>						</span>
										<span class="elementor-icon-list-text">Dépôt de marques</span>
											</a>
									</li>
								<li class="elementor-icon-list-item">
											<a href="https://www.augelegalfiscal.com/fr/area-intelectual/depot-de-brevets/">

												<span class="elementor-icon-list-icon">
							<i aria-hidden="true" class="fas fa-chevron-right"></i>						</span>
										<span class="elementor-icon-list-text">Dépôt de brevets</span>
											</a>
									</li>
								<li class="elementor-icon-list-item">
											<a href="https://www.augelegalfiscal.com/fr/area-intelectual/registre-de-domaines-ad/">

												<span class="elementor-icon-list-icon">
							<i aria-hidden="true" class="fas fa-chevron-right"></i>						</span>
										<span class="elementor-icon-list-text">Registre de domaines «.ad»</span>
											</a>
									</li>
								<li class="elementor-icon-list-item">
											<a href="https://www.augelegalfiscal.com/fr/area-intelectual/gestion-des-droits-dauteur/">

												<span class="elementor-icon-list-icon">
							<i aria-hidden="true" class="fas fa-chevron-right"></i>						</span>
										<span class="elementor-icon-list-text">Droits d’auteur</span>
											</a>
									</li>
								<li class="elementor-icon-list-item">
											<a href="https://www.augelegalfiscal.com/fr/area-intelectual/blockchain/">

												<span class="elementor-icon-list-icon">
							<i aria-hidden="true" class="fas fa-chevron-right"></i>						</span>
										<span class="elementor-icon-list-text">Blockchain</span>
											</a>
									</li>
								<li class="elementor-icon-list-item">
											<a href="https://www.augelegalfiscal.com/fr/area-intelectual/big-data/">

												<span class="elementor-icon-list-icon">
							<i aria-hidden="true" class="fas fa-chevron-right"></i>						</span>
										<span class="elementor-icon-list-text">Big Data</span>
											</a>
									</li>
						</ul>
						</div>
				</div>
					</div>
		</div>
					</div>
		</section>
				</div>

<p>Propriété intellectuelle et industrielle Augé Legal&amp;Fiscal défend les intérêts de ses clients en matière de Propriété intellectuelle depuis 1996, tant en termes de registre que de contentieux. Une expérience qui en fait une véritable référence nationale. Le Département de propriété intellectuelle a vu le jour lors de l’adoption du cadre juridique relatif aux marques de [&hellip;]</p>
