{"id":1606,"date":"2020-03-09T21:21:50","date_gmt":"2020-03-09T20:21:50","guid":{"rendered":"https:\/\/www.augelegalfiscal.com\/domaines-d-action\/departement-juridique\/"},"modified":"2023-03-30T23:17:28","modified_gmt":"2023-03-30T21:17:28","slug":"juridique","status":"publish","type":"page","link":"https:\/\/www.augelegalfiscal.com\/fr\/services-aux-entreprises\/juridique\/","title":{"rendered":"Juridique"},"content":{"rendered":"\t\t<div data-elementor-type=\"wp-page\" data-elementor-id=\"1606\" class=\"elementor elementor-1606\" data-elementor-post-type=\"page\">\n\t\t\t\t\t\t<section class=\"elementor-section elementor-top-section elementor-element elementor-element-216b5de elementor-section-boxed elementor-section-height-default elementor-section-height-default\" data-id=\"216b5de\" data-element_type=\"section\" id=\"page-hero\" data-settings=\"{&quot;background_background&quot;:&quot;classic&quot;,&quot;animation&quot;:&quot;none&quot;}\">\n\t\t\t\t\t\t<div class=\"elementor-container elementor-column-gap-default\">\n\t\t\t\t\t<div class=\"elementor-column elementor-col-100 elementor-top-column elementor-element elementor-element-76f10526\" data-id=\"76f10526\" data-element_type=\"column\">\n\t\t\t<div class=\"elementor-widget-wrap elementor-element-populated\">\n\t\t\t\t\t\t<div class=\"elementor-element elementor-element-4b302852 elementor-widget elementor-widget-heading\" data-id=\"4b302852\" data-element_type=\"widget\" data-widget_type=\"heading.default\">\n\t\t\t\t<div class=\"elementor-widget-container\">\n\t\t\t\t\t<h1 class=\"elementor-heading-title elementor-size-default\">D\u00e9partement juridique<\/h1>\t\t\t\t<\/div>\n\t\t\t\t<\/div>\n\t\t\t\t\t<\/div>\n\t\t<\/div>\n\t\t\t\t\t<\/div>\n\t\t<\/section>\n\t\t\t\t<section class=\"elementor-section elementor-top-section elementor-element elementor-element-e1e1f8f elementor-section-boxed elementor-section-height-default elementor-section-height-default\" data-id=\"e1e1f8f\" data-element_type=\"section\" data-settings=\"{&quot;background_background&quot;:&quot;classic&quot;}\">\n\t\t\t\t\t\t<div class=\"elementor-container elementor-column-gap-default\">\n\t\t\t\t\t<div class=\"elementor-column elementor-col-100 elementor-top-column elementor-element elementor-element-161b821\" data-id=\"161b821\" data-element_type=\"column\">\n\t\t\t<div class=\"elementor-widget-wrap elementor-element-populated\">\n\t\t\t\t\t\t<div class=\"elementor-element elementor-element-6e35113 elementor-widget elementor-widget-text-editor\" data-id=\"6e35113\" data-element_type=\"widget\" data-widget_type=\"text-editor.default\">\n\t\t\t\t<div class=\"elementor-widget-container\">\n\t\t\t\t\t\t\t\t\t<p>Le <span style=\"color: #a22d58;\"><strong>d\u00e9partement juridique<\/strong><\/span> repr\u00e9sente une partie fondamentale de notre identit\u00e9 en tant que bureau d\u2019\u00e9tude professionnel, aussi bien en raison de la formation et l\u2019exp\u00e9rience de la multiplicit\u00e9 d\u2019experts qui le composent que de la vari\u00e9t\u00e9 des sp\u00e9cialit\u00e9s que nous couvrons en tant qu\u2019entreprise multilingue de la Principaut\u00e9 d\u2019Andorre.<\/p>\n\t\t\t\t\t\t\t\t<\/div>\n\t\t\t\t<\/div>\n\t\t\t\t\t<\/div>\n\t\t<\/div>\n\t\t\t\t\t<\/div>\n\t\t<\/section>\n\t\t\t\t<section class=\"elementor-section elementor-top-section elementor-element elementor-element-c83232a elementor-section-boxed elementor-section-height-default elementor-section-height-default\" data-id=\"c83232a\" data-element_type=\"section\" data-settings=\"{&quot;background_background&quot;:&quot;classic&quot;}\">\n\t\t\t\t\t\t<div class=\"elementor-container elementor-column-gap-default\">\n\t\t\t\t\t<div class=\"elementor-column elementor-col-66 elementor-top-column elementor-element elementor-element-cf06c09\" data-id=\"cf06c09\" data-element_type=\"column\">\n\t\t\t<div class=\"elementor-widget-wrap elementor-element-populated\">\n\t\t\t\t\t\t<div class=\"elementor-element elementor-element-1bf18a7 elementor-widget elementor-widget-text-editor\" data-id=\"1bf18a7\" data-element_type=\"widget\" data-widget_type=\"text-editor.default\">\n\t\t\t\t<div class=\"elementor-widget-container\">\n\t\t\t\t\t\t\t\t\t<p>Gr\u00e2ce \u00e0 la polyvalence de notre \u00e9quipe de professionnels qui, en plus de ma\u00eetriser les diff\u00e9rentes branches du droit, fait appel \u00e0 des experts sp\u00e9cialis\u00e9s dans des domaines sp\u00e9cifiques, nous pouvons aborder des aspects tr\u00e8s concrets et nous charger de dossiers totalement interdisciplinaires.<\/p>\n\t\t\t\t\t\t\t\t<\/div>\n\t\t\t\t<\/div>\n\t\t\t\t\t<\/div>\n\t\t<\/div>\n\t\t\t\t<div class=\"elementor-column elementor-col-33 elementor-top-column elementor-element elementor-element-8ce7ed1\" data-id=\"8ce7ed1\" data-element_type=\"column\">\n\t\t\t<div class=\"elementor-widget-wrap elementor-element-populated\">\n\t\t\t\t\t\t<div class=\"elementor-element elementor-element-d5a993c elementor-icon-list--layout-traditional elementor-list-item-link-full_width elementor-widget elementor-widget-icon-list\" data-id=\"d5a993c\" data-element_type=\"widget\" data-widget_type=\"icon-list.default\">\n\t\t\t\t<div class=\"elementor-widget-container\">\n\t\t\t\t\t\t\t<ul class=\"elementor-icon-list-items\">\n\t\t\t\t\t\t\t<li class=\"elementor-icon-list-item\">\n\t\t\t\t\t\t\t\t\t\t\t<a href=\"https:\/\/www.augelegalfiscal.com\/fr\/area-legal\/droit-civil\/\">\n\n\t\t\t\t\t\t\t\t\t\t\t\t<span class=\"elementor-icon-list-icon\">\n\t\t\t\t\t\t\t<i aria-hidden=\"true\" class=\"fas fa-chevron-right\"><\/i>\t\t\t\t\t\t<\/span>\n\t\t\t\t\t\t\t\t\t\t<span class=\"elementor-icon-list-text\">Droit Civil<\/span>\n\t\t\t\t\t\t\t\t\t\t\t<\/a>\n\t\t\t\t\t\t\t\t\t<\/li>\n\t\t\t\t\t\t\t\t<li class=\"elementor-icon-list-item\">\n\t\t\t\t\t\t\t\t\t\t\t<a href=\"https:\/\/www.augelegalfiscal.com\/fr\/area-legal\/droit-penal\/\">\n\n\t\t\t\t\t\t\t\t\t\t\t\t<span class=\"elementor-icon-list-icon\">\n\t\t\t\t\t\t\t<i aria-hidden=\"true\" class=\"fas fa-chevron-right\"><\/i>\t\t\t\t\t\t<\/span>\n\t\t\t\t\t\t\t\t\t\t<span class=\"elementor-icon-list-text\">Droit p\u00e9nal<\/span>\n\t\t\t\t\t\t\t\t\t\t\t<\/a>\n\t\t\t\t\t\t\t\t\t<\/li>\n\t\t\t\t\t\t\t\t<li class=\"elementor-icon-list-item\">\n\t\t\t\t\t\t\t\t\t\t\t<a href=\"https:\/\/www.augelegalfiscal.com\/fr\/area-legal\/droit-administratif\/\">\n\n\t\t\t\t\t\t\t\t\t\t\t\t<span class=\"elementor-icon-list-icon\">\n\t\t\t\t\t\t\t<i aria-hidden=\"true\" class=\"fas fa-chevron-right\"><\/i>\t\t\t\t\t\t<\/span>\n\t\t\t\t\t\t\t\t\t\t<span class=\"elementor-icon-list-text\">Droit administratif<\/span>\n\t\t\t\t\t\t\t\t\t\t\t<\/a>\n\t\t\t\t\t\t\t\t\t<\/li>\n\t\t\t\t\t\t\t\t<li class=\"elementor-icon-list-item\">\n\t\t\t\t\t\t\t\t\t\t\t<a href=\"https:\/\/www.augelegalfiscal.com\/fr\/area-legal\/droit-du-travail-droit-du-travail\/\">\n\n\t\t\t\t\t\t\t\t\t\t\t\t<span class=\"elementor-icon-list-icon\">\n\t\t\t\t\t\t\t<i aria-hidden=\"true\" class=\"fas fa-chevron-right\"><\/i>\t\t\t\t\t\t<\/span>\n\t\t\t\t\t\t\t\t\t\t<span class=\"elementor-icon-list-text\">Droit du travail<\/span>\n\t\t\t\t\t\t\t\t\t\t\t<\/a>\n\t\t\t\t\t\t\t\t\t<\/li>\n\t\t\t\t\t\t\t\t<li class=\"elementor-icon-list-item\">\n\t\t\t\t\t\t\t\t\t\t\t<a href=\"https:\/\/www.augelegalfiscal.com\/fr\/area-legal\/resolution-de-conflits-alternative\/\">\n\n\t\t\t\t\t\t\t\t\t\t\t\t<span class=\"elementor-icon-list-icon\">\n\t\t\t\t\t\t\t<i aria-hidden=\"true\" class=\"fas fa-chevron-right\"><\/i>\t\t\t\t\t\t<\/span>\n\t\t\t\t\t\t\t\t\t\t<span class=\"elementor-icon-list-text\">R\u00e9solution de conflits alternative<\/span>\n\t\t\t\t\t\t\t\t\t\t\t<\/a>\n\t\t\t\t\t\t\t\t\t<\/li>\n\t\t\t\t\t\t<\/ul>\n\t\t\t\t\t\t<\/div>\n\t\t\t\t<\/div>\n\t\t\t\t\t<\/div>\n\t\t<\/div>\n\t\t\t\t\t<\/div>\n\t\t<\/section>\n\t\t\t\t<\/div>\n\t\t","protected":false},"excerpt":{"rendered":"<p>D\u00e9partement juridique Le d\u00e9partement juridique repr\u00e9sente une partie fondamentale de notre identit\u00e9 en tant que bureau d\u2019\u00e9tude professionnel, aussi bien en raison de la formation et l\u2019exp\u00e9rience de la multiplicit\u00e9 d\u2019experts qui le composent que de la vari\u00e9t\u00e9 des sp\u00e9cialit\u00e9s que nous couvrons en tant qu\u2019entreprise multilingue de la Principaut\u00e9 d\u2019Andorre. Gr\u00e2ce \u00e0 la polyvalence [&hellip;]<\/p>\n","protected":false},"author":1,"featured_media":0,"parent":1142,"menu_order":0,"comment_status":"closed","ping_status":"closed","template":"","meta":{"_acf_changed":false,"footnotes":""},"class_list":["post-1606","page","type-page","status-publish","hentry"],"acf":[],"_links":{"self":[{"href":"https:\/\/www.augelegalfiscal.com\/fr\/wp-json\/wp\/v2\/pages\/1606","targetHints":{"allow":["GET"]}}],"collection":[{"href":"https:\/\/www.augelegalfiscal.com\/fr\/wp-json\/wp\/v2\/pages"}],"about":[{"href":"https:\/\/www.augelegalfiscal.com\/fr\/wp-json\/wp\/v2\/types\/page"}],"author":[{"embeddable":true,"href":"https:\/\/www.augelegalfiscal.com\/fr\/wp-json\/wp\/v2\/users\/1"}],"replies":[{"embeddable":true,"href":"https:\/\/www.augelegalfiscal.com\/fr\/wp-json\/wp\/v2\/comments?post=1606"}],"version-history":[{"count":5,"href":"https:\/\/www.augelegalfiscal.com\/fr\/wp-json\/wp\/v2\/pages\/1606\/revisions"}],"predecessor-version":[{"id":8054,"href":"https:\/\/www.augelegalfiscal.com\/fr\/wp-json\/wp\/v2\/pages\/1606\/revisions\/8054"}],"up":[{"embeddable":true,"href":"https:\/\/www.augelegalfiscal.com\/fr\/wp-json\/wp\/v2\/pages\/1142"}],"wp:attachment":[{"href":"https:\/\/www.augelegalfiscal.com\/fr\/wp-json\/wp\/v2\/media?parent=1606"}],"curies":[{"name":"wp","href":"https:\/\/api.w.org\/{rel}","templated":true}]}}

<div data-elementor-type="wp-page" data-elementor-id="1606" class="elementor elementor-1606" data-elementor-post-type="page">
						<section class="elementor-section elementor-top-section elementor-element elementor-element-216b5de elementor-section-boxed elementor-section-height-default elementor-section-height-default" data-id="216b5de" data-element_type="section" id="page-hero" data-settings="{&quot;background_background&quot;:&quot;classic&quot;,&quot;animation&quot;:&quot;none&quot;}">
						<div class="elementor-container elementor-column-gap-default">
					<div class="elementor-column elementor-col-100 elementor-top-column elementor-element elementor-element-76f10526" data-id="76f10526" data-element_type="column">
			<div class="elementor-widget-wrap elementor-element-populated">
						<div class="elementor-element elementor-element-4b302852 elementor-widget elementor-widget-heading" data-id="4b302852" data-element_type="widget" data-widget_type="heading.default">
				<div class="elementor-widget-container">
					<h1 class="elementor-heading-title elementor-size-default">Département juridique</h1>				</div>
				</div>
					</div>
		</div>
					</div>
		</section>
				<section class="elementor-section elementor-top-section elementor-element elementor-element-e1e1f8f elementor-section-boxed elementor-section-height-default elementor-section-height-default" data-id="e1e1f8f" data-element_type="section" data-settings="{&quot;background_background&quot;:&quot;classic&quot;}">
						<div class="elementor-container elementor-column-gap-default">
					<div class="elementor-column elementor-col-100 elementor-top-column elementor-element elementor-element-161b821" data-id="161b821" data-element_type="column">
			<div class="elementor-widget-wrap elementor-element-populated">
						<div class="elementor-element elementor-element-6e35113 elementor-widget elementor-widget-text-editor" data-id="6e35113" data-element_type="widget" data-widget_type="text-editor.default">
				<div class="elementor-widget-container">
									<p>Le <span style="color: #a22d58;"><strong>département juridique</strong></span> représente une partie fondamentale de notre identité en tant que bureau d’étude professionnel, aussi bien en raison de la formation et l’expérience de la multiplicité d’experts qui le composent que de la variété des spécialités que nous couvrons en tant qu’entreprise multilingue de la Principauté d’Andorre.</p>
								</div>
				</div>
					</div>
		</div>
					</div>
		</section>
				<section class="elementor-section elementor-top-section elementor-element elementor-element-c83232a elementor-section-boxed elementor-section-height-default elementor-section-height-default" data-id="c83232a" data-element_type="section" data-settings="{&quot;background_background&quot;:&quot;classic&quot;}">
						<div class="elementor-container elementor-column-gap-default">
					<div class="elementor-column elementor-col-66 elementor-top-column elementor-element elementor-element-cf06c09" data-id="cf06c09" data-element_type="column">
			<div class="elementor-widget-wrap elementor-element-populated">
						<div class="elementor-element elementor-element-1bf18a7 elementor-widget elementor-widget-text-editor" data-id="1bf18a7" data-element_type="widget" data-widget_type="text-editor.default">
				<div class="elementor-widget-container">
									<p>Grâce à la polyvalence de notre équipe de professionnels qui, en plus de maîtriser les différentes branches du droit, fait appel à des experts spécialisés dans des domaines spécifiques, nous pouvons aborder des aspects très concrets et nous charger de dossiers totalement interdisciplinaires.</p>
								</div>
				</div>
					</div>
		</div>
				<div class="elementor-column elementor-col-33 elementor-top-column elementor-element elementor-element-8ce7ed1" data-id="8ce7ed1" data-element_type="column">
			<div class="elementor-widget-wrap elementor-element-populated">
						<div class="elementor-element elementor-element-d5a993c elementor-icon-list--layout-traditional elementor-list-item-link-full_width elementor-widget elementor-widget-icon-list" data-id="d5a993c" data-element_type="widget" data-widget_type="icon-list.default">
				<div class="elementor-widget-container">
							<ul class="elementor-icon-list-items">
							<li class="elementor-icon-list-item">
											<a href="https://www.augelegalfiscal.com/fr/area-legal/droit-civil/">

												<span class="elementor-icon-list-icon">
							<i aria-hidden="true" class="fas fa-chevron-right"></i>						</span>
										<span class="elementor-icon-list-text">Droit Civil</span>
											</a>
									</li>
								<li class="elementor-icon-list-item">
											<a href="https://www.augelegalfiscal.com/fr/area-legal/droit-penal/">

												<span class="elementor-icon-list-icon">
							<i aria-hidden="true" class="fas fa-chevron-right"></i>						</span>
										<span class="elementor-icon-list-text">Droit pénal</span>
											</a>
									</li>
								<li class="elementor-icon-list-item">
											<a href="https://www.augelegalfiscal.com/fr/area-legal/droit-administratif/">

												<span class="elementor-icon-list-icon">
							<i aria-hidden="true" class="fas fa-chevron-right"></i>						</span>
										<span class="elementor-icon-list-text">Droit administratif</span>
											</a>
									</li>
								<li class="elementor-icon-list-item">
											<a href="https://www.augelegalfiscal.com/fr/area-legal/droit-du-travail-droit-du-travail/">

												<span class="elementor-icon-list-icon">
							<i aria-hidden="true" class="fas fa-chevron-right"></i>						</span>
										<span class="elementor-icon-list-text">Droit du travail</span>
											</a>
									</li>
								<li class="elementor-icon-list-item">
											<a href="https://www.augelegalfiscal.com/fr/area-legal/resolution-de-conflits-alternative/">

												<span class="elementor-icon-list-icon">
							<i aria-hidden="true" class="fas fa-chevron-right"></i>						</span>
										<span class="elementor-icon-list-text">Résolution de conflits alternative</span>
											</a>
									</li>
						</ul>
						</div>
				</div>
					</div>
		</div>
					</div>
		</section>
				</div>

<p>Département juridique Le département juridique représente une partie fondamentale de notre identité en tant que bureau d’étude professionnel, aussi bien en raison de la formation et l’expérience de la multiplicité d’experts qui le composent que de la variété des spécialités que nous couvrons en tant qu’entreprise multilingue de la Principauté d’Andorre. Grâce à la polyvalence [&hellip;]</p>
