{"id":7378,"date":"2023-03-09T18:06:30","date_gmt":"2023-03-09T17:06:30","guid":{"rendered":"https:\/\/www.augelegalfiscal.com\/area-intelectual\/big-data\/"},"modified":"2023-03-09T18:06:30","modified_gmt":"2023-03-09T17:06:30","slug":"big-data","status":"publish","type":"page","link":"https:\/\/www.augelegalfiscal.com\/ca\/area-intelectual\/big-data\/","title":{"rendered":"Big Data"},"content":{"rendered":"\t\t<div data-elementor-type=\"wp-page\" data-elementor-id=\"7378\" class=\"elementor elementor-7378 elementor-7369\" data-elementor-post-type=\"page\">\n\t\t\t\t\t\t<section class=\"elementor-section elementor-top-section elementor-element elementor-element-45472ed elementor-section-full_width elementor-section-height-default elementor-section-height-default\" data-id=\"45472ed\" data-element_type=\"section\">\n\t\t\t\t\t\t<div class=\"elementor-container elementor-column-gap-default\">\n\t\t\t\t\t<div class=\"elementor-column elementor-col-50 elementor-top-column elementor-element elementor-element-8652575\" data-id=\"8652575\" data-element_type=\"column\" data-settings=\"{&quot;background_background&quot;:&quot;classic&quot;}\">\n\t\t\t<div class=\"elementor-widget-wrap elementor-element-populated\">\n\t\t\t\t\t\t<div class=\"elementor-element elementor-element-9599b0a elementor-widget elementor-widget-heading\" data-id=\"9599b0a\" data-element_type=\"widget\" data-widget_type=\"heading.default\">\n\t\t\t\t<div class=\"elementor-widget-container\">\n\t\t\t\t\t<h2 class=\"elementor-heading-title elementor-size-default\">Big Data<\/h2>\t\t\t\t<\/div>\n\t\t\t\t<\/div>\n\t\t\t\t<div class=\"elementor-element elementor-element-2c90fa7 elementor-widget elementor-widget-text-editor\" data-id=\"2c90fa7\" data-element_type=\"widget\" data-widget_type=\"text-editor.default\">\n\t\t\t\t<div class=\"elementor-widget-container\">\n\t\t\t\t\t\t\t\t\t<p>La captaci\u00f3 i l\u2019an\u00e0lisi de dades massives van n\u00e9ixer fa d\u00e8cades. No obstant aix\u00f2, ha estat mitjan\u00e7ant el desenvolupament tecnol\u00f2gic i la digitalitzaci\u00f3 de les interaccions socials de les persones que la captaci\u00f3, explotaci\u00f3, venda i negocis generals vinculats a la informaci\u00f3 han adquirit una rellev\u00e0ncia capital.<\/p>\n<p>Arran del vincle amb clients que tracten dades massives amb diferents finalitats, som perfectes coneixedors de la normativa (especialment de protecci\u00f3 de dades) que engloba els potencials contractes que volen generar negoci a trav\u00e9s de la informaci\u00f3 que permet prendre decisions comercials o executives als qui adquireixen aquestes dades.<\/p>\n<p>Aix\u00ed, doncs, estem familiaritzats amb negocis d\u2019aquestes caracter\u00edstiques i podem oferir una visi\u00f3 hol\u00edstica del negoci vinculat al BIG DATA que es vulgui instal\u00b7lar a Andorra, considerant principalment el fet que, at\u00e8s que les dades es recopilen i comercialitzen de manera essencialment telem\u00e0tica, el nostre pa\u00eds \u00e9s una elecci\u00f3 excel\u00b7lent a efectes de tributaci\u00f3 directa.<\/p>\n\t\t\t\t\t\t\t\t<\/div>\n\t\t\t\t<\/div>\n\t\t\t\t\t<\/div>\n\t\t<\/div>\n\t\t\t\t<div class=\"elementor-column elementor-col-50 elementor-top-column elementor-element elementor-element-d11de2d elementor-hidden-phone\" data-id=\"d11de2d\" data-element_type=\"column\" data-settings=\"{&quot;background_background&quot;:&quot;classic&quot;}\">\n\t\t\t<div class=\"elementor-widget-wrap elementor-element-populated\">\n\t\t\t\t\t\t<div class=\"elementor-element elementor-element-105badd elementor-widget elementor-widget-spacer\" data-id=\"105badd\" data-element_type=\"widget\" data-widget_type=\"spacer.default\">\n\t\t\t\t<div class=\"elementor-widget-container\">\n\t\t\t\t\t\t\t<div class=\"elementor-spacer\">\n\t\t\t<div class=\"elementor-spacer-inner\"><\/div>\n\t\t<\/div>\n\t\t\t\t\t\t<\/div>\n\t\t\t\t<\/div>\n\t\t\t\t\t<\/div>\n\t\t<\/div>\n\t\t\t\t\t<\/div>\n\t\t<\/section>\n\t\t\t\t<\/div>\n\t\t","protected":false},"excerpt":{"rendered":"<p>Big Data La captaci\u00f3 i l\u2019an\u00e0lisi de dades massives van n\u00e9ixer fa d\u00e8cades. No obstant aix\u00f2, ha estat mitjan\u00e7ant el desenvolupament tecnol\u00f2gic i la digitalitzaci\u00f3 de les interaccions socials de les persones que la captaci\u00f3, explotaci\u00f3, venda i negocis generals vinculats a la informaci\u00f3 han adquirit una rellev\u00e0ncia capital. Arran del vincle amb clients que [&hellip;]<\/p>\n","protected":false},"author":1,"featured_media":0,"parent":1405,"menu_order":0,"comment_status":"closed","ping_status":"closed","template":"","meta":{"_acf_changed":false,"footnotes":""},"class_list":["post-7378","page","type-page","status-publish","hentry"],"acf":[],"_links":{"self":[{"href":"https:\/\/www.augelegalfiscal.com\/ca\/wp-json\/wp\/v2\/pages\/7378","targetHints":{"allow":["GET"]}}],"collection":[{"href":"https:\/\/www.augelegalfiscal.com\/ca\/wp-json\/wp\/v2\/pages"}],"about":[{"href":"https:\/\/www.augelegalfiscal.com\/ca\/wp-json\/wp\/v2\/types\/page"}],"author":[{"embeddable":true,"href":"https:\/\/www.augelegalfiscal.com\/ca\/wp-json\/wp\/v2\/users\/1"}],"replies":[{"embeddable":true,"href":"https:\/\/www.augelegalfiscal.com\/ca\/wp-json\/wp\/v2\/comments?post=7378"}],"version-history":[{"count":1,"href":"https:\/\/www.augelegalfiscal.com\/ca\/wp-json\/wp\/v2\/pages\/7378\/revisions"}],"predecessor-version":[{"id":7379,"href":"https:\/\/www.augelegalfiscal.com\/ca\/wp-json\/wp\/v2\/pages\/7378\/revisions\/7379"}],"up":[{"embeddable":true,"href":"https:\/\/www.augelegalfiscal.com\/ca\/wp-json\/wp\/v2\/pages\/1405"}],"wp:attachment":[{"href":"https:\/\/www.augelegalfiscal.com\/ca\/wp-json\/wp\/v2\/media?parent=7378"}],"curies":[{"name":"wp","href":"https:\/\/api.w.org\/{rel}","templated":true}]}}

<div data-elementor-type="wp-page" data-elementor-id="7378" class="elementor elementor-7378 elementor-7369" data-elementor-post-type="page">
						<section class="elementor-section elementor-top-section elementor-element elementor-element-45472ed elementor-section-full_width elementor-section-height-default elementor-section-height-default" data-id="45472ed" data-element_type="section">
						<div class="elementor-container elementor-column-gap-default">
					<div class="elementor-column elementor-col-50 elementor-top-column elementor-element elementor-element-8652575" data-id="8652575" data-element_type="column" data-settings="{&quot;background_background&quot;:&quot;classic&quot;}">
			<div class="elementor-widget-wrap elementor-element-populated">
						<div class="elementor-element elementor-element-9599b0a elementor-widget elementor-widget-heading" data-id="9599b0a" data-element_type="widget" data-widget_type="heading.default">
				<div class="elementor-widget-container">
					<h2 class="elementor-heading-title elementor-size-default">Big Data</h2>				</div>
				</div>
				<div class="elementor-element elementor-element-2c90fa7 elementor-widget elementor-widget-text-editor" data-id="2c90fa7" data-element_type="widget" data-widget_type="text-editor.default">
				<div class="elementor-widget-container">
									<p>La captació i l’anàlisi de dades massives van néixer fa dècades. No obstant això, ha estat mitjançant el desenvolupament tecnològic i la digitalització de les interaccions socials de les persones que la captació, explotació, venda i negocis generals vinculats a la informació han adquirit una rellevància capital.</p>
<p>Arran del vincle amb clients que tracten dades massives amb diferents finalitats, som perfectes coneixedors de la normativa (especialment de protecció de dades) que engloba els potencials contractes que volen generar negoci a través de la informació que permet prendre decisions comercials o executives als qui adquireixen aquestes dades.</p>
<p>Així, doncs, estem familiaritzats amb negocis d’aquestes característiques i podem oferir una visió holística del negoci vinculat al BIG DATA que es vulgui instal·lar a Andorra, considerant principalment el fet que, atès que les dades es recopilen i comercialitzen de manera essencialment telemàtica, el nostre país és una elecció excel·lent a efectes de tributació directa.</p>
								</div>
				</div>
					</div>
		</div>
				<div class="elementor-column elementor-col-50 elementor-top-column elementor-element elementor-element-d11de2d elementor-hidden-phone" data-id="d11de2d" data-element_type="column" data-settings="{&quot;background_background&quot;:&quot;classic&quot;}">
			<div class="elementor-widget-wrap elementor-element-populated">
						<div class="elementor-element elementor-element-105badd elementor-widget elementor-widget-spacer" data-id="105badd" data-element_type="widget" data-widget_type="spacer.default">
				<div class="elementor-widget-container">
							<div class="elementor-spacer">
			<div class="elementor-spacer-inner"></div>
		</div>
						</div>
				</div>
					</div>
		</div>
					</div>
		</section>
				</div>

<p>Big Data La captació i l’anàlisi de dades massives van néixer fa dècades. No obstant això, ha estat mitjançant el desenvolupament tecnològic i la digitalització de les interaccions socials de les persones que la captació, explotació, venda i negocis generals vinculats a la informació han adquirit una rellevància capital. Arran del vincle amb clients que [&hellip;]</p>
