{"id":7358,"date":"2023-03-09T17:54:46","date_gmt":"2023-03-09T16:54:46","guid":{"rendered":"https:\/\/www.augelegalfiscal.com\/area-intelectual\/blockchain\/"},"modified":"2023-03-09T17:54:47","modified_gmt":"2023-03-09T16:54:47","slug":"blockchain","status":"publish","type":"page","link":"https:\/\/www.augelegalfiscal.com\/ca\/area-intelectual\/blockchain\/","title":{"rendered":"Blockchain"},"content":{"rendered":"\t\t<div data-elementor-type=\"wp-page\" data-elementor-id=\"7358\" class=\"elementor elementor-7358 elementor-7349\" data-elementor-post-type=\"page\">\n\t\t\t\t\t\t<section class=\"elementor-section elementor-top-section elementor-element elementor-element-c43bfe2 elementor-section-full_width elementor-section-height-default elementor-section-height-default\" data-id=\"c43bfe2\" data-element_type=\"section\">\n\t\t\t\t\t\t<div class=\"elementor-container elementor-column-gap-default\">\n\t\t\t\t\t<div class=\"elementor-column elementor-col-50 elementor-top-column elementor-element elementor-element-7267684\" data-id=\"7267684\" data-element_type=\"column\" data-settings=\"{&quot;background_background&quot;:&quot;classic&quot;}\">\n\t\t\t<div class=\"elementor-widget-wrap elementor-element-populated\">\n\t\t\t\t\t\t<div class=\"elementor-element elementor-element-71c05d8 elementor-widget elementor-widget-heading\" data-id=\"71c05d8\" data-element_type=\"widget\" data-widget_type=\"heading.default\">\n\t\t\t\t<div class=\"elementor-widget-container\">\n\t\t\t\t\t<h2 class=\"elementor-heading-title elementor-size-default\">Blockchain<\/h2>\t\t\t\t<\/div>\n\t\t\t\t<\/div>\n\t\t\t\t<div class=\"elementor-element elementor-element-705f98e elementor-widget elementor-widget-text-editor\" data-id=\"705f98e\" data-element_type=\"widget\" data-widget_type=\"text-editor.default\">\n\t\t\t\t<div class=\"elementor-widget-container\">\n\t\t\t\t\t\t\t\t\t<p>En un m\u00f3n en qu\u00e8 els aven\u00e7os tecnol\u00f2gics evolucionen ostensiblement m\u00e9s r\u00e0pid que la mentalitat de les persones i, essencialment, de forma m\u00e9s accelerada que les prerrogatives legislatives, hem de trobar un equilibri just dins el marc legal establert, per encabir-hi projectes d\u2019innovaci\u00f3 que perfeccionen la manera de funcionar de molts processos que formen part de la nostra vida quotidiana.<\/p>\n<p>El blockchain, tamb\u00e9 anomenat \u201ccadena de blocs\u201d es basa en una enorme multiplicitat de disciplines que consisteixen en l\u2019encriptaci\u00f3 d\u2019informaci\u00f3 per garantir incomptables processos als quals tradicionalment els ha mancat aquest nivell de seguretat.<\/p>\n\t\t\t\t\t\t\t\t<\/div>\n\t\t\t\t<\/div>\n\t\t\t\t\t<\/div>\n\t\t<\/div>\n\t\t\t\t<div class=\"elementor-column elementor-col-50 elementor-top-column elementor-element elementor-element-2fd2e45 elementor-hidden-phone\" data-id=\"2fd2e45\" data-element_type=\"column\" data-settings=\"{&quot;background_background&quot;:&quot;classic&quot;}\">\n\t\t\t<div class=\"elementor-widget-wrap elementor-element-populated\">\n\t\t\t\t\t\t<div class=\"elementor-element elementor-element-e6a8df7 elementor-widget elementor-widget-spacer\" data-id=\"e6a8df7\" data-element_type=\"widget\" data-widget_type=\"spacer.default\">\n\t\t\t\t<div class=\"elementor-widget-container\">\n\t\t\t\t\t\t\t<div class=\"elementor-spacer\">\n\t\t\t<div class=\"elementor-spacer-inner\"><\/div>\n\t\t<\/div>\n\t\t\t\t\t\t<\/div>\n\t\t\t\t<\/div>\n\t\t\t\t\t<\/div>\n\t\t<\/div>\n\t\t\t\t\t<\/div>\n\t\t<\/section>\n\t\t\t\t<section class=\"elementor-section elementor-top-section elementor-element elementor-element-bc69861 elementor-section-boxed elementor-section-height-default elementor-section-height-default\" data-id=\"bc69861\" data-element_type=\"section\" data-settings=\"{&quot;background_background&quot;:&quot;classic&quot;}\">\n\t\t\t\t\t\t<div class=\"elementor-container elementor-column-gap-default\">\n\t\t\t\t\t<div class=\"elementor-column elementor-col-100 elementor-top-column elementor-element elementor-element-af3c908\" data-id=\"af3c908\" data-element_type=\"column\">\n\t\t\t<div class=\"elementor-widget-wrap elementor-element-populated\">\n\t\t\t\t\t\t<div class=\"elementor-element elementor-element-88a8eb3 elementor-widget elementor-widget-heading\" data-id=\"88a8eb3\" data-element_type=\"widget\" data-widget_type=\"heading.default\">\n\t\t\t\t<div class=\"elementor-widget-container\">\n\t\t\t\t\t<h3 class=\"elementor-heading-title elementor-size-default\">Aug\u00e9 com a partner i assessor en aquesta mat\u00e8ria<\/h3>\t\t\t\t<\/div>\n\t\t\t\t<\/div>\n\t\t\t\t<div class=\"elementor-element elementor-element-5e7d74f elementor-widget elementor-widget-accordion\" data-id=\"5e7d74f\" data-element_type=\"widget\" data-widget_type=\"accordion.default\">\n\t\t\t\t<div class=\"elementor-widget-container\">\n\t\t\t\t\t\t\t<div class=\"elementor-accordion\">\n\t\t\t\t\t\t\t<div class=\"elementor-accordion-item\">\n\t\t\t\t\t<div id=\"elementor-tab-title-9901\" class=\"elementor-tab-title\" data-tab=\"1\" role=\"button\" aria-controls=\"elementor-tab-content-9901\" aria-expanded=\"false\">\n\t\t\t\t\t\t\t\t\t\t\t\t\t<span class=\"elementor-accordion-icon elementor-accordion-icon-left\" aria-hidden=\"true\">\n\t\t\t\t\t\t\t\t\t\t\t\t\t\t\t<span class=\"elementor-accordion-icon-closed\"><i class=\"fas fa-chevron-down\"><\/i><\/span>\n\t\t\t\t\t\t\t\t<span class=\"elementor-accordion-icon-opened\"><i class=\"fas fa-chevron-up\"><\/i><\/span>\n\t\t\t\t\t\t\t\t\t\t\t\t\t\t<\/span>\n\t\t\t\t\t\t\t\t\t\t\t\t<a class=\"elementor-accordion-title\" tabindex=\"0\"><\/a>\n\t\t\t\t\t<\/div>\n\t\t\t\t\t<div id=\"elementor-tab-content-9901\" class=\"elementor-tab-content elementor-clearfix\" data-tab=\"1\" role=\"region\" aria-labelledby=\"elementor-tab-title-9901\"><p>Aug\u00e9 Legal&amp;Fiscal, ha estat part\u00edcip, mitjan\u00e7ant relacions amb inversors i emprenedors internacionals, sobre quines s\u00f3n les vicissituds normatives m\u00e9s recents, tant en l\u2019\u00e0mbit dels \u201ceasy hubs\u201dcom en l\u2019\u00e0mbit dels potencials \u201cserious hubs\u201d (que Andorra aspira a ser).<\/p>\n<p>Mitjan\u00e7ant una proposta de llei impulsada en el Parlament del Principat d\u2019Andorra, es vol convertir el pa\u00eds en un espai de refer\u00e8ncia i atracci\u00f3 d\u2019inversi\u00f3 internacional que pugui dotar de consist\u00e8ncia i transpar\u00e8ncia els negocis encara m\u00e9s desconeguts per la immensa majoria. Concretament, el m\u00f3n de les criptomonedes i les seves tend\u00e8ncies normatives van ser objecte d\u2019una important confer\u00e8ncia al pa\u00eds, patrocinada pel nostre grup, per enfocar el punt en qu\u00e8 som respecte d\u2019aquesta tecnologia i per definir l\u2019objectiu a curt termini de captaci\u00f3 de negocis transparents i de valor afegit.<\/p>\n<p>Aix\u00ed, doncs, si voleu establir el vostre negoci vinculat amb el sector del blockchain o de les criptomonedes al Principat, Aug\u00e9 Legal&amp;Fiscal \u00e9s el millor partner i assessor en aquesta mat\u00e8ria pel que fa a implementaci\u00f3 mercantil, implicacions fiscals i coneixement de la conjuntura institucional.<\/p>\n<\/div>\n\t\t\t\t<\/div>\n\t\t\t\t\t\t\t\t<\/div>\n\t\t\t\t\t\t<\/div>\n\t\t\t\t<\/div>\n\t\t\t\t\t<\/div>\n\t\t<\/div>\n\t\t\t\t\t<\/div>\n\t\t<\/section>\n\t\t\t\t<\/div>\n\t\t","protected":false},"excerpt":{"rendered":"<p>Blockchain En un m\u00f3n en qu\u00e8 els aven\u00e7os tecnol\u00f2gics evolucionen ostensiblement m\u00e9s r\u00e0pid que la mentalitat de les persones i, essencialment, de forma m\u00e9s accelerada que les prerrogatives legislatives, hem de trobar un equilibri just dins el marc legal establert, per encabir-hi projectes d\u2019innovaci\u00f3 que perfeccionen la manera de funcionar de molts processos que formen [&hellip;]<\/p>\n","protected":false},"author":1,"featured_media":0,"parent":1405,"menu_order":0,"comment_status":"closed","ping_status":"closed","template":"","meta":{"_acf_changed":false,"footnotes":""},"class_list":["post-7358","page","type-page","status-publish","hentry"],"acf":[],"_links":{"self":[{"href":"https:\/\/www.augelegalfiscal.com\/ca\/wp-json\/wp\/v2\/pages\/7358","targetHints":{"allow":["GET"]}}],"collection":[{"href":"https:\/\/www.augelegalfiscal.com\/ca\/wp-json\/wp\/v2\/pages"}],"about":[{"href":"https:\/\/www.augelegalfiscal.com\/ca\/wp-json\/wp\/v2\/types\/page"}],"author":[{"embeddable":true,"href":"https:\/\/www.augelegalfiscal.com\/ca\/wp-json\/wp\/v2\/users\/1"}],"replies":[{"embeddable":true,"href":"https:\/\/www.augelegalfiscal.com\/ca\/wp-json\/wp\/v2\/comments?post=7358"}],"version-history":[{"count":1,"href":"https:\/\/www.augelegalfiscal.com\/ca\/wp-json\/wp\/v2\/pages\/7358\/revisions"}],"predecessor-version":[{"id":7359,"href":"https:\/\/www.augelegalfiscal.com\/ca\/wp-json\/wp\/v2\/pages\/7358\/revisions\/7359"}],"up":[{"embeddable":true,"href":"https:\/\/www.augelegalfiscal.com\/ca\/wp-json\/wp\/v2\/pages\/1405"}],"wp:attachment":[{"href":"https:\/\/www.augelegalfiscal.com\/ca\/wp-json\/wp\/v2\/media?parent=7358"}],"curies":[{"name":"wp","href":"https:\/\/api.w.org\/{rel}","templated":true}]}}

<div data-elementor-type="wp-page" data-elementor-id="7358" class="elementor elementor-7358 elementor-7349" data-elementor-post-type="page">
						<section class="elementor-section elementor-top-section elementor-element elementor-element-c43bfe2 elementor-section-full_width elementor-section-height-default elementor-section-height-default" data-id="c43bfe2" data-element_type="section">
						<div class="elementor-container elementor-column-gap-default">
					<div class="elementor-column elementor-col-50 elementor-top-column elementor-element elementor-element-7267684" data-id="7267684" data-element_type="column" data-settings="{&quot;background_background&quot;:&quot;classic&quot;}">
			<div class="elementor-widget-wrap elementor-element-populated">
						<div class="elementor-element elementor-element-71c05d8 elementor-widget elementor-widget-heading" data-id="71c05d8" data-element_type="widget" data-widget_type="heading.default">
				<div class="elementor-widget-container">
					<h2 class="elementor-heading-title elementor-size-default">Blockchain</h2>				</div>
				</div>
				<div class="elementor-element elementor-element-705f98e elementor-widget elementor-widget-text-editor" data-id="705f98e" data-element_type="widget" data-widget_type="text-editor.default">
				<div class="elementor-widget-container">
									<p>En un món en què els avenços tecnològics evolucionen ostensiblement més ràpid que la mentalitat de les persones i, essencialment, de forma més accelerada que les prerrogatives legislatives, hem de trobar un equilibri just dins el marc legal establert, per encabir-hi projectes d’innovació que perfeccionen la manera de funcionar de molts processos que formen part de la nostra vida quotidiana.</p>
<p>El blockchain, també anomenat “cadena de blocs” es basa en una enorme multiplicitat de disciplines que consisteixen en l’encriptació d’informació per garantir incomptables processos als quals tradicionalment els ha mancat aquest nivell de seguretat.</p>
								</div>
				</div>
					</div>
		</div>
				<div class="elementor-column elementor-col-50 elementor-top-column elementor-element elementor-element-2fd2e45 elementor-hidden-phone" data-id="2fd2e45" data-element_type="column" data-settings="{&quot;background_background&quot;:&quot;classic&quot;}">
			<div class="elementor-widget-wrap elementor-element-populated">
						<div class="elementor-element elementor-element-e6a8df7 elementor-widget elementor-widget-spacer" data-id="e6a8df7" data-element_type="widget" data-widget_type="spacer.default">
				<div class="elementor-widget-container">
							<div class="elementor-spacer">
			<div class="elementor-spacer-inner"></div>
		</div>
						</div>
				</div>
					</div>
		</div>
					</div>
		</section>
				<section class="elementor-section elementor-top-section elementor-element elementor-element-bc69861 elementor-section-boxed elementor-section-height-default elementor-section-height-default" data-id="bc69861" data-element_type="section" data-settings="{&quot;background_background&quot;:&quot;classic&quot;}">
						<div class="elementor-container elementor-column-gap-default">
					<div class="elementor-column elementor-col-100 elementor-top-column elementor-element elementor-element-af3c908" data-id="af3c908" data-element_type="column">
			<div class="elementor-widget-wrap elementor-element-populated">
						<div class="elementor-element elementor-element-88a8eb3 elementor-widget elementor-widget-heading" data-id="88a8eb3" data-element_type="widget" data-widget_type="heading.default">
				<div class="elementor-widget-container">
					<h3 class="elementor-heading-title elementor-size-default">Augé com a partner i assessor en aquesta matèria</h3>				</div>
				</div>
				<div class="elementor-element elementor-element-5e7d74f elementor-widget elementor-widget-accordion" data-id="5e7d74f" data-element_type="widget" data-widget_type="accordion.default">
				<div class="elementor-widget-container">
							<div class="elementor-accordion">
							<div class="elementor-accordion-item">
					<div id="elementor-tab-title-9901" class="elementor-tab-title" data-tab="1" role="button" aria-controls="elementor-tab-content-9901" aria-expanded="false">
													<span class="elementor-accordion-icon elementor-accordion-icon-left" aria-hidden="true">
															<span class="elementor-accordion-icon-closed"><i class="fas fa-chevron-down"></i></span>
								<span class="elementor-accordion-icon-opened"><i class="fas fa-chevron-up"></i></span>
														</span>
												<a class="elementor-accordion-title" tabindex="0"></a>
					</div>
					<div id="elementor-tab-content-9901" class="elementor-tab-content elementor-clearfix" data-tab="1" role="region" aria-labelledby="elementor-tab-title-9901"><p>Augé Legal&amp;Fiscal, ha estat partícip, mitjançant relacions amb inversors i emprenedors internacionals, sobre quines són les vicissituds normatives més recents, tant en l’àmbit dels “easy hubs”com en l’àmbit dels potencials “serious hubs” (que Andorra aspira a ser).</p>
<p>Mitjançant una proposta de llei impulsada en el Parlament del Principat d’Andorra, es vol convertir el país en un espai de referència i atracció d’inversió internacional que pugui dotar de consistència i transparència els negocis encara més desconeguts per la immensa majoria. Concretament, el món de les criptomonedes i les seves tendències normatives van ser objecte d’una important conferència al país, patrocinada pel nostre grup, per enfocar el punt en què som respecte d’aquesta tecnologia i per definir l’objectiu a curt termini de captació de negocis transparents i de valor afegit.</p>
<p>Així, doncs, si voleu establir el vostre negoci vinculat amb el sector del blockchain o de les criptomonedes al Principat, Augé Legal&amp;Fiscal és el millor partner i assessor en aquesta matèria pel que fa a implementació mercantil, implicacions fiscals i coneixement de la conjuntura institucional.</p>
</div>
				</div>
								</div>
						</div>
				</div>
					</div>
		</div>
					</div>
		</section>
				</div>

<p>Blockchain En un món en què els avenços tecnològics evolucionen ostensiblement més ràpid que la mentalitat de les persones i, essencialment, de forma més accelerada que les prerrogatives legislatives, hem de trobar un equilibri just dins el marc legal establert, per encabir-hi projectes d’innovació que perfeccionen la manera de funcionar de molts processos que formen [&hellip;]</p>
