{"id":1527,"date":"2020-03-09T21:53:38","date_gmt":"2020-03-09T20:53:38","guid":{"rendered":"https:\/\/www.augelegalfiscal.com\/arees-de-practica\/fiscal\/"},"modified":"2023-03-08T13:47:53","modified_gmt":"2023-03-08T12:47:53","slug":"fiscal","status":"publish","type":"page","link":"https:\/\/www.augelegalfiscal.com\/ca\/serveis-corporatius\/fiscal\/","title":{"rendered":"Fiscal"},"content":{"rendered":"\t\t<div data-elementor-type=\"wp-page\" data-elementor-id=\"1527\" class=\"elementor elementor-1527 elementor-330\" data-elementor-post-type=\"page\">\n\t\t\t\t\t\t<section class=\"elementor-section elementor-top-section elementor-element elementor-element-1e0e8d9 elementor-section-boxed elementor-section-height-default elementor-section-height-default\" data-id=\"1e0e8d9\" data-element_type=\"section\" id=\"page-hero\" data-settings=\"{&quot;background_background&quot;:&quot;classic&quot;,&quot;animation&quot;:&quot;none&quot;}\">\n\t\t\t\t\t\t\t<div class=\"elementor-background-overlay\"><\/div>\n\t\t\t\t\t\t\t<div class=\"elementor-container elementor-column-gap-default\">\n\t\t\t\t\t<div class=\"elementor-column elementor-col-100 elementor-top-column elementor-element elementor-element-5b149252\" data-id=\"5b149252\" data-element_type=\"column\">\n\t\t\t<div class=\"elementor-widget-wrap elementor-element-populated\">\n\t\t\t\t\t\t<div class=\"elementor-element elementor-element-24612996 elementor-widget elementor-widget-heading\" data-id=\"24612996\" data-element_type=\"widget\" data-widget_type=\"heading.default\">\n\t\t\t\t<div class=\"elementor-widget-container\">\n\t\t\t\t\t<h1 class=\"elementor-heading-title elementor-size-default\">Fiscal<\/h1>\t\t\t\t<\/div>\n\t\t\t\t<\/div>\n\t\t\t\t\t<\/div>\n\t\t<\/div>\n\t\t\t\t\t<\/div>\n\t\t<\/section>\n\t\t\t\t<section class=\"elementor-section elementor-top-section elementor-element elementor-element-f92aab3 elementor-section-boxed elementor-section-height-default elementor-section-height-default\" data-id=\"f92aab3\" data-element_type=\"section\" data-settings=\"{&quot;background_background&quot;:&quot;classic&quot;}\">\n\t\t\t\t\t\t<div class=\"elementor-container elementor-column-gap-default\">\n\t\t\t\t\t<div class=\"elementor-column elementor-col-100 elementor-top-column elementor-element elementor-element-182aeb62\" data-id=\"182aeb62\" data-element_type=\"column\">\n\t\t\t<div class=\"elementor-widget-wrap elementor-element-populated\">\n\t\t\t\t\t\t<div class=\"elementor-element elementor-element-6dc66657 elementor-widget elementor-widget-text-editor\" data-id=\"6dc66657\" data-element_type=\"widget\" data-widget_type=\"text-editor.default\">\n\t\t\t\t<div class=\"elementor-widget-container\">\n\t\t\t\t\t\t\t\t\t<p>El\u00a0<span style=\"color: #a22d58;\"><strong>Departament Fiscal<\/strong><\/span>\u00a0d\u2019Aug\u00e9 Legal&amp;Fiscal disposa de professionals amb una experi\u00e8ncia i capacitat dilatades i contrastades que els permeten donar resposta a les necessitats dels clients amb l\u2019objectiu de proporcionar el millor assessorament en el disseny i planificaci\u00f3 fiscal, executant estrat\u00e8gies empresarials de forma r\u00e0pida i efica\u00e7.<\/p>\n\t\t\t\t\t\t\t\t<\/div>\n\t\t\t\t<\/div>\n\t\t\t\t\t<\/div>\n\t\t<\/div>\n\t\t\t\t\t<\/div>\n\t\t<\/section>\n\t\t\t\t<section class=\"elementor-section elementor-top-section elementor-element elementor-element-6adb071d elementor-section-boxed elementor-section-height-default elementor-section-height-default\" data-id=\"6adb071d\" data-element_type=\"section\" data-settings=\"{&quot;background_background&quot;:&quot;classic&quot;}\">\n\t\t\t\t\t\t<div class=\"elementor-container elementor-column-gap-default\">\n\t\t\t\t\t<div class=\"elementor-column elementor-col-66 elementor-top-column elementor-element elementor-element-f2549e9\" data-id=\"f2549e9\" data-element_type=\"column\">\n\t\t\t<div class=\"elementor-widget-wrap elementor-element-populated\">\n\t\t\t\t\t\t<div class=\"elementor-element elementor-element-2befea0b elementor-widget elementor-widget-text-editor\" data-id=\"2befea0b\" data-element_type=\"widget\" data-widget_type=\"text-editor.default\">\n\t\t\t\t<div class=\"elementor-widget-container\">\n\t\t\t\t\t\t\t\t\t<p>Els nostres professionals presten assessorament recurrent o espec\u00edfic en mat\u00e8ries de fiscalitat nacional o internacional als clients, entre els quals s\u2019inclouen grups empresarials nacionals o internacionals, empreses familiars i persones f\u00edsiques.<\/p>\n<p><em>\u00abTenim com a comprom\u00eds oferir sempre un servei excel\u00b7lent enfocat en la qualitat, la capacitat de resposta i la compet\u00e8ncia des d\u2019una perspectiva pr\u00e0ctica i resolutiva, tot oferint una visi\u00f3 estrat\u00e8gica que redunda en benefici dels clients.\u00bb<\/p>\n<p><\/em>El nostre assessorament compr\u00e8n totes les especialitats del Dret tributari, amb especial atenci\u00f3 a les \u00e0rees seg\u00fcents:<\/p>\n\t\t\t\t\t\t\t\t<\/div>\n\t\t\t\t<\/div>\n\t\t\t\t\t<\/div>\n\t\t<\/div>\n\t\t\t\t<div class=\"elementor-column elementor-col-33 elementor-top-column elementor-element elementor-element-79afe704\" data-id=\"79afe704\" data-element_type=\"column\">\n\t\t\t<div class=\"elementor-widget-wrap elementor-element-populated\">\n\t\t\t\t\t\t<div class=\"elementor-element elementor-element-4d873ce7 elementor-icon-list--layout-traditional elementor-list-item-link-full_width elementor-widget elementor-widget-icon-list\" data-id=\"4d873ce7\" data-element_type=\"widget\" data-widget_type=\"icon-list.default\">\n\t\t\t\t<div class=\"elementor-widget-container\">\n\t\t\t\t\t\t\t<ul class=\"elementor-icon-list-items\">\n\t\t\t\t\t\t\t<li class=\"elementor-icon-list-item\">\n\t\t\t\t\t\t\t\t\t\t\t<a href=\"https:\/\/augelegalfiscal.com\/ca\/area-fiscal\/fiscalitat-general\/\">\n\n\t\t\t\t\t\t\t\t\t\t\t\t<span class=\"elementor-icon-list-icon\">\n\t\t\t\t\t\t\t<i aria-hidden=\"true\" class=\"fas fa-chevron-right\"><\/i>\t\t\t\t\t\t<\/span>\n\t\t\t\t\t\t\t\t\t\t<span class=\"elementor-icon-list-text\">Fiscalitat general<\/span>\n\t\t\t\t\t\t\t\t\t\t\t<\/a>\n\t\t\t\t\t\t\t\t\t<\/li>\n\t\t\t\t\t\t\t\t<li class=\"elementor-icon-list-item\">\n\t\t\t\t\t\t\t\t\t\t\t<a href=\"https:\/\/augelegalfiscal.com\/ca\/area-fiscal\/fiscalitat-internacional\/\">\n\n\t\t\t\t\t\t\t\t\t\t\t\t<span class=\"elementor-icon-list-icon\">\n\t\t\t\t\t\t\t<i aria-hidden=\"true\" class=\"fas fa-chevron-right\"><\/i>\t\t\t\t\t\t<\/span>\n\t\t\t\t\t\t\t\t\t\t<span class=\"elementor-icon-list-text\">Fiscalitat Internacional<\/span>\n\t\t\t\t\t\t\t\t\t\t\t<\/a>\n\t\t\t\t\t\t\t\t\t<\/li>\n\t\t\t\t\t\t\t\t<li class=\"elementor-icon-list-item\">\n\t\t\t\t\t\t\t\t\t\t\t<a href=\"https:\/\/augelegalfiscal.com\/ca\/area-fiscal\/preus-de-transferencia\/\">\n\n\t\t\t\t\t\t\t\t\t\t\t\t<span class=\"elementor-icon-list-icon\">\n\t\t\t\t\t\t\t<i aria-hidden=\"true\" class=\"fas fa-chevron-right\"><\/i>\t\t\t\t\t\t<\/span>\n\t\t\t\t\t\t\t\t\t\t<span class=\"elementor-icon-list-text\">Preus de transfer\u00e8ncia<\/span>\n\t\t\t\t\t\t\t\t\t\t\t<\/a>\n\t\t\t\t\t\t\t\t\t<\/li>\n\t\t\t\t\t\t\t\t<li class=\"elementor-icon-list-item\">\n\t\t\t\t\t\t\t\t\t\t\t<a href=\"https:\/\/augelegalfiscal.com\/ca\/area-fiscal\/contencios-tributari\/\">\n\n\t\t\t\t\t\t\t\t\t\t\t\t<span class=\"elementor-icon-list-icon\">\n\t\t\t\t\t\t\t<i aria-hidden=\"true\" class=\"fas fa-chevron-right\"><\/i>\t\t\t\t\t\t<\/span>\n\t\t\t\t\t\t\t\t\t\t<span class=\"elementor-icon-list-text\">Contenci\u00f3s-tributari<\/span>\n\t\t\t\t\t\t\t\t\t\t\t<\/a>\n\t\t\t\t\t\t\t\t\t<\/li>\n\t\t\t\t\t\t<\/ul>\n\t\t\t\t\t\t<\/div>\n\t\t\t\t<\/div>\n\t\t\t\t\t<\/div>\n\t\t<\/div>\n\t\t\t\t\t<\/div>\n\t\t<\/section>\n\t\t\t\t<\/div>\n\t\t","protected":false},"excerpt":{"rendered":"<p>Fiscal El\u00a0Departament Fiscal\u00a0d\u2019Aug\u00e9 Legal&amp;Fiscal disposa de professionals amb una experi\u00e8ncia i capacitat dilatades i contrastades que els permeten donar resposta a les necessitats dels clients amb l\u2019objectiu de proporcionar el millor assessorament en el disseny i planificaci\u00f3 fiscal, executant estrat\u00e8gies empresarials de forma r\u00e0pida i efica\u00e7. Els nostres professionals presten assessorament recurrent o espec\u00edfic en [&hellip;]<\/p>\n","protected":false},"author":1,"featured_media":0,"parent":1140,"menu_order":0,"comment_status":"closed","ping_status":"closed","template":"","meta":{"_acf_changed":false,"footnotes":""},"class_list":["post-1527","page","type-page","status-publish","hentry"],"acf":[],"_links":{"self":[{"href":"https:\/\/www.augelegalfiscal.com\/ca\/wp-json\/wp\/v2\/pages\/1527","targetHints":{"allow":["GET"]}}],"collection":[{"href":"https:\/\/www.augelegalfiscal.com\/ca\/wp-json\/wp\/v2\/pages"}],"about":[{"href":"https:\/\/www.augelegalfiscal.com\/ca\/wp-json\/wp\/v2\/types\/page"}],"author":[{"embeddable":true,"href":"https:\/\/www.augelegalfiscal.com\/ca\/wp-json\/wp\/v2\/users\/1"}],"replies":[{"embeddable":true,"href":"https:\/\/www.augelegalfiscal.com\/ca\/wp-json\/wp\/v2\/comments?post=1527"}],"version-history":[{"count":5,"href":"https:\/\/www.augelegalfiscal.com\/ca\/wp-json\/wp\/v2\/pages\/1527\/revisions"}],"predecessor-version":[{"id":7150,"href":"https:\/\/www.augelegalfiscal.com\/ca\/wp-json\/wp\/v2\/pages\/1527\/revisions\/7150"}],"up":[{"embeddable":true,"href":"https:\/\/www.augelegalfiscal.com\/ca\/wp-json\/wp\/v2\/pages\/1140"}],"wp:attachment":[{"href":"https:\/\/www.augelegalfiscal.com\/ca\/wp-json\/wp\/v2\/media?parent=1527"}],"curies":[{"name":"wp","href":"https:\/\/api.w.org\/{rel}","templated":true}]}}

<div data-elementor-type="wp-page" data-elementor-id="1527" class="elementor elementor-1527 elementor-330" data-elementor-post-type="page">
						<section class="elementor-section elementor-top-section elementor-element elementor-element-1e0e8d9 elementor-section-boxed elementor-section-height-default elementor-section-height-default" data-id="1e0e8d9" data-element_type="section" id="page-hero" data-settings="{&quot;background_background&quot;:&quot;classic&quot;,&quot;animation&quot;:&quot;none&quot;}">
							<div class="elementor-background-overlay"></div>
							<div class="elementor-container elementor-column-gap-default">
					<div class="elementor-column elementor-col-100 elementor-top-column elementor-element elementor-element-5b149252" data-id="5b149252" data-element_type="column">
			<div class="elementor-widget-wrap elementor-element-populated">
						<div class="elementor-element elementor-element-24612996 elementor-widget elementor-widget-heading" data-id="24612996" data-element_type="widget" data-widget_type="heading.default">
				<div class="elementor-widget-container">
					<h1 class="elementor-heading-title elementor-size-default">Fiscal</h1>				</div>
				</div>
					</div>
		</div>
					</div>
		</section>
				<section class="elementor-section elementor-top-section elementor-element elementor-element-f92aab3 elementor-section-boxed elementor-section-height-default elementor-section-height-default" data-id="f92aab3" data-element_type="section" data-settings="{&quot;background_background&quot;:&quot;classic&quot;}">
						<div class="elementor-container elementor-column-gap-default">
					<div class="elementor-column elementor-col-100 elementor-top-column elementor-element elementor-element-182aeb62" data-id="182aeb62" data-element_type="column">
			<div class="elementor-widget-wrap elementor-element-populated">
						<div class="elementor-element elementor-element-6dc66657 elementor-widget elementor-widget-text-editor" data-id="6dc66657" data-element_type="widget" data-widget_type="text-editor.default">
				<div class="elementor-widget-container">
									<p>El <span style="color: #a22d58;"><strong>Departament Fiscal</strong></span> d’Augé Legal&amp;Fiscal disposa de professionals amb una experiència i capacitat dilatades i contrastades que els permeten donar resposta a les necessitats dels clients amb l’objectiu de proporcionar el millor assessorament en el disseny i planificació fiscal, executant estratègies empresarials de forma ràpida i eficaç.</p>
								</div>
				</div>
					</div>
		</div>
					</div>
		</section>
				<section class="elementor-section elementor-top-section elementor-element elementor-element-6adb071d elementor-section-boxed elementor-section-height-default elementor-section-height-default" data-id="6adb071d" data-element_type="section" data-settings="{&quot;background_background&quot;:&quot;classic&quot;}">
						<div class="elementor-container elementor-column-gap-default">
					<div class="elementor-column elementor-col-66 elementor-top-column elementor-element elementor-element-f2549e9" data-id="f2549e9" data-element_type="column">
			<div class="elementor-widget-wrap elementor-element-populated">
						<div class="elementor-element elementor-element-2befea0b elementor-widget elementor-widget-text-editor" data-id="2befea0b" data-element_type="widget" data-widget_type="text-editor.default">
				<div class="elementor-widget-container">
									<p>Els nostres professionals presten assessorament recurrent o específic en matèries de fiscalitat nacional o internacional als clients, entre els quals s’inclouen grups empresarials nacionals o internacionals, empreses familiars i persones físiques.</p>
<p><em>«Tenim com a compromís oferir sempre un servei excel·lent enfocat en la qualitat, la capacitat de resposta i la competència des d’una perspectiva pràctica i resolutiva, tot oferint una visió estratègica que redunda en benefici dels clients.»</p>
<p></em>El nostre assessorament comprèn totes les especialitats del Dret tributari, amb especial atenció a les àrees següents:</p>
								</div>
				</div>
					</div>
		</div>
				<div class="elementor-column elementor-col-33 elementor-top-column elementor-element elementor-element-79afe704" data-id="79afe704" data-element_type="column">
			<div class="elementor-widget-wrap elementor-element-populated">
						<div class="elementor-element elementor-element-4d873ce7 elementor-icon-list--layout-traditional elementor-list-item-link-full_width elementor-widget elementor-widget-icon-list" data-id="4d873ce7" data-element_type="widget" data-widget_type="icon-list.default">
				<div class="elementor-widget-container">
							<ul class="elementor-icon-list-items">
							<li class="elementor-icon-list-item">
											<a href="https://augelegalfiscal.com/ca/area-fiscal/fiscalitat-general/">

												<span class="elementor-icon-list-icon">
							<i aria-hidden="true" class="fas fa-chevron-right"></i>						</span>
										<span class="elementor-icon-list-text">Fiscalitat general</span>
											</a>
									</li>
								<li class="elementor-icon-list-item">
											<a href="https://augelegalfiscal.com/ca/area-fiscal/fiscalitat-internacional/">

												<span class="elementor-icon-list-icon">
							<i aria-hidden="true" class="fas fa-chevron-right"></i>						</span>
										<span class="elementor-icon-list-text">Fiscalitat Internacional</span>
											</a>
									</li>
								<li class="elementor-icon-list-item">
											<a href="https://augelegalfiscal.com/ca/area-fiscal/preus-de-transferencia/">

												<span class="elementor-icon-list-icon">
							<i aria-hidden="true" class="fas fa-chevron-right"></i>						</span>
										<span class="elementor-icon-list-text">Preus de transferència</span>
											</a>
									</li>
								<li class="elementor-icon-list-item">
											<a href="https://augelegalfiscal.com/ca/area-fiscal/contencios-tributari/">

												<span class="elementor-icon-list-icon">
							<i aria-hidden="true" class="fas fa-chevron-right"></i>						</span>
										<span class="elementor-icon-list-text">Contenciós-tributari</span>
											</a>
									</li>
						</ul>
						</div>
				</div>
					</div>
		</div>
					</div>
		</section>
				</div>

<p>Fiscal El Departament Fiscal d’Augé Legal&amp;Fiscal disposa de professionals amb una experiència i capacitat dilatades i contrastades que els permeten donar resposta a les necessitats dels clients amb l’objectiu de proporcionar el millor assessorament en el disseny i planificació fiscal, executant estratègies empresarials de forma ràpida i eficaç. Els nostres professionals presten assessorament recurrent o específic en [&hellip;]</p>
