{"id":1357,"date":"2020-03-23T17:06:03","date_gmt":"2020-03-23T16:06:03","guid":{"rendered":"https:\/\/www.augelegalfiscal.com\/area-immigracio\/residencia-de-professionals-amb-projeccio-internacional\/"},"modified":"2023-03-08T14:47:58","modified_gmt":"2023-03-08T13:47:58","slug":"residencia-de-professionals-amb-projeccio-internacional","status":"publish","type":"page","link":"https:\/\/www.augelegalfiscal.com\/ca\/area-immigracio\/residencia-de-professionals-amb-projeccio-internacional\/","title":{"rendered":"Resid\u00e8ncia de professionals amb projecci\u00f3 internacional"},"content":{"rendered":"\t\t<div data-elementor-type=\"wp-page\" data-elementor-id=\"1357\" class=\"elementor elementor-1357 elementor-686\" data-elementor-post-type=\"page\">\n\t\t\t\t\t\t<section class=\"elementor-section elementor-top-section elementor-element elementor-element-21251f69 elementor-section-full_width elementor-section-height-default elementor-section-height-default\" data-id=\"21251f69\" data-element_type=\"section\">\n\t\t\t\t\t\t<div class=\"elementor-container elementor-column-gap-default\">\n\t\t\t\t\t<div class=\"elementor-column elementor-col-50 elementor-top-column elementor-element elementor-element-3a91293c\" data-id=\"3a91293c\" data-element_type=\"column\" data-settings=\"{&quot;background_background&quot;:&quot;classic&quot;}\">\n\t\t\t<div class=\"elementor-widget-wrap elementor-element-populated\">\n\t\t\t\t\t\t<div class=\"elementor-element elementor-element-7d2cf65e elementor-widget elementor-widget-heading\" data-id=\"7d2cf65e\" data-element_type=\"widget\" data-widget_type=\"heading.default\">\n\t\t\t\t<div class=\"elementor-widget-container\">\n\t\t\t\t\t<h2 class=\"elementor-heading-title elementor-size-default\">Resid\u00e8ncia de professionals amb projecci\u00f3 internacional<\/h2>\t\t\t\t<\/div>\n\t\t\t\t<\/div>\n\t\t\t\t<div class=\"elementor-element elementor-element-2cafad6b elementor-widget elementor-widget-text-editor\" data-id=\"2cafad6b\" data-element_type=\"widget\" data-widget_type=\"text-editor.default\">\n\t\t\t\t<div class=\"elementor-widget-container\">\n\t\t\t\t\t\t\t\t\t<p>Aquest perfil de resid\u00e8ncia es dirigeix a <span style=\"color: #a22d58;\"><strong>professionals amb una activitat eminentment internacional i sense cap intervenci\u00f3 substancial en el mercat andorr\u00e0<\/strong><\/span>, dedicats a serveis que es poden prestar a dist\u00e0ncia.<br \/>\nHi ha una \u00e0mplia varietat d\u2019exemples d\u2019aquesta tipologia de professionals, com ara programadors, assessors o traders; fins i tot \u00e9s un perfil de resid\u00e8ncia atractiu per a models, influencers i n\u00f2mades digitals.<\/p>\n\t\t\t\t\t\t\t\t<\/div>\n\t\t\t\t<\/div>\n\t\t\t\t\t<\/div>\n\t\t<\/div>\n\t\t\t\t<div class=\"elementor-column elementor-col-50 elementor-top-column elementor-element elementor-element-191d33d1 elementor-hidden-phone\" data-id=\"191d33d1\" data-element_type=\"column\" data-settings=\"{&quot;background_background&quot;:&quot;classic&quot;}\">\n\t\t\t<div class=\"elementor-widget-wrap elementor-element-populated\">\n\t\t\t\t\t\t<div class=\"elementor-element elementor-element-a8786f8 elementor-widget elementor-widget-spacer\" data-id=\"a8786f8\" data-element_type=\"widget\" data-widget_type=\"spacer.default\">\n\t\t\t\t<div class=\"elementor-widget-container\">\n\t\t\t\t\t\t\t<div class=\"elementor-spacer\">\n\t\t\t<div class=\"elementor-spacer-inner\"><\/div>\n\t\t<\/div>\n\t\t\t\t\t\t<\/div>\n\t\t\t\t<\/div>\n\t\t\t\t\t<\/div>\n\t\t<\/div>\n\t\t\t\t\t<\/div>\n\t\t<\/section>\n\t\t\t\t<section class=\"elementor-section elementor-top-section elementor-element elementor-element-3b526a33 elementor-section-boxed elementor-section-height-default elementor-section-height-default\" data-id=\"3b526a33\" data-element_type=\"section\" data-settings=\"{&quot;background_background&quot;:&quot;classic&quot;}\">\n\t\t\t\t\t\t<div class=\"elementor-container elementor-column-gap-default\">\n\t\t\t\t\t<div class=\"elementor-column elementor-col-100 elementor-top-column elementor-element elementor-element-1be31b81\" data-id=\"1be31b81\" data-element_type=\"column\">\n\t\t\t<div class=\"elementor-widget-wrap elementor-element-populated\">\n\t\t\t\t\t\t<div class=\"elementor-element elementor-element-7393e609 elementor-widget elementor-widget-heading\" data-id=\"7393e609\" data-element_type=\"widget\" data-widget_type=\"heading.default\">\n\t\t\t\t<div class=\"elementor-widget-container\">\n\t\t\t\t\t<h3 class=\"elementor-heading-title elementor-size-default\">Requisits comuns per accedir a aquesta modalitat<\/h3>\t\t\t\t<\/div>\n\t\t\t\t<\/div>\n\t\t\t\t<div class=\"elementor-element elementor-element-5ff0405b elementor-widget elementor-widget-accordion\" data-id=\"5ff0405b\" data-element_type=\"widget\" data-widget_type=\"accordion.default\">\n\t\t\t\t<div class=\"elementor-widget-container\">\n\t\t\t\t\t\t\t<div class=\"elementor-accordion\">\n\t\t\t\t\t\t\t<div class=\"elementor-accordion-item\">\n\t\t\t\t\t<div id=\"elementor-tab-title-1601\" class=\"elementor-tab-title\" data-tab=\"1\" role=\"button\" aria-controls=\"elementor-tab-content-1601\" aria-expanded=\"false\">\n\t\t\t\t\t\t\t\t\t\t\t\t\t<span class=\"elementor-accordion-icon elementor-accordion-icon-left\" aria-hidden=\"true\">\n\t\t\t\t\t\t\t\t\t\t\t\t\t\t\t<span class=\"elementor-accordion-icon-closed\"><i class=\"fas fa-chevron-down\"><\/i><\/span>\n\t\t\t\t\t\t\t\t<span class=\"elementor-accordion-icon-opened\"><i class=\"fas fa-chevron-up\"><\/i><\/span>\n\t\t\t\t\t\t\t\t\t\t\t\t\t\t<\/span>\n\t\t\t\t\t\t\t\t\t\t\t\t<a class=\"elementor-accordion-title\" tabindex=\"0\"><\/a>\n\t\t\t\t\t<\/div>\n\t\t\t\t\t<div id=\"elementor-tab-content-1601\" class=\"elementor-tab-content elementor-clearfix\" data-tab=\"1\" role=\"region\" aria-labelledby=\"elementor-tab-title-1601\"><ul>\n<li>Dip\u00f2sit de 47.500 \u20ac a l\u2019AFA pel titular, recuperable i no remunerat.<\/li>\n<li>Dip\u00f2sit de 9.500 \u20ac a l\u2019AFA per cada persona a c\u00e0rrec.<\/li>\n<li>Disposar de mitjans econ\u00f2mics suficients per mantenir-se el titular i les seves persones a c\u00e0rrec a Andorra.<\/li>\n<li>Adquirir o llogar un habitatge a Andorra.<\/li>\n<li>Asseguran\u00e7a m\u00e8dica, incapacitat i vellesa amb cobertura per a Andorra.*<\/li>\n<li>Resid\u00e8ncia m\u00ednima: 90 dies a l\u2019any.<\/li>\n<\/ul>\n<p>\n<em>*Menors d\u2019edat i majors de 65 anys: nom\u00e9s asseguran\u00e7a m\u00e8dica.<\/em><\/p>\n<\/div>\n\t\t\t\t<\/div>\n\t\t\t\t\t\t\t\t<\/div>\n\t\t\t\t\t\t<\/div>\n\t\t\t\t<\/div>\n\t\t\t\t\t<\/div>\n\t\t<\/div>\n\t\t\t\t\t<\/div>\n\t\t<\/section>\n\t\t\t\t<section class=\"elementor-section elementor-top-section elementor-element elementor-element-a2f855e elementor-section-boxed elementor-section-height-default elementor-section-height-default\" data-id=\"a2f855e\" data-element_type=\"section\" data-settings=\"{&quot;background_background&quot;:&quot;classic&quot;}\">\n\t\t\t\t\t\t<div class=\"elementor-container elementor-column-gap-default\">\n\t\t\t\t\t<div class=\"elementor-column elementor-col-100 elementor-top-column elementor-element elementor-element-561b418\" data-id=\"561b418\" data-element_type=\"column\">\n\t\t\t<div class=\"elementor-widget-wrap elementor-element-populated\">\n\t\t\t\t\t\t<div class=\"elementor-element elementor-element-3b254d9 elementor-widget elementor-widget-heading\" data-id=\"3b254d9\" data-element_type=\"widget\" data-widget_type=\"heading.default\">\n\t\t\t\t<div class=\"elementor-widget-container\">\n\t\t\t\t\t<h3 class=\"elementor-heading-title elementor-size-default\">Condicions particulars<\/h3>\t\t\t\t<\/div>\n\t\t\t\t<\/div>\n\t\t\t\t<div class=\"elementor-element elementor-element-93fc6ff elementor-widget elementor-widget-accordion\" data-id=\"93fc6ff\" data-element_type=\"widget\" data-widget_type=\"accordion.default\">\n\t\t\t\t<div class=\"elementor-widget-container\">\n\t\t\t\t\t\t\t<div class=\"elementor-accordion\">\n\t\t\t\t\t\t\t<div class=\"elementor-accordion-item\">\n\t\t\t\t\t<div id=\"elementor-tab-title-1551\" class=\"elementor-tab-title\" data-tab=\"1\" role=\"button\" aria-controls=\"elementor-tab-content-1551\" aria-expanded=\"false\">\n\t\t\t\t\t\t\t\t\t\t\t\t\t<span class=\"elementor-accordion-icon elementor-accordion-icon-left\" aria-hidden=\"true\">\n\t\t\t\t\t\t\t\t\t\t\t\t\t\t\t<span class=\"elementor-accordion-icon-closed\"><i class=\"fas fa-chevron-down\"><\/i><\/span>\n\t\t\t\t\t\t\t\t<span class=\"elementor-accordion-icon-opened\"><i class=\"fas fa-chevron-up\"><\/i><\/span>\n\t\t\t\t\t\t\t\t\t\t\t\t\t\t<\/span>\n\t\t\t\t\t\t\t\t\t\t\t\t<a class=\"elementor-accordion-title\" tabindex=\"0\"><\/a>\n\t\t\t\t\t<\/div>\n\t\t\t\t\t<div id=\"elementor-tab-content-1551\" class=\"elementor-tab-content elementor-clearfix\" data-tab=\"1\" role=\"region\" aria-labelledby=\"elementor-tab-title-1551\"><ul>\n<li>Seu d\u2019activitat a Andorra.<\/li>\n<li>Contractaci\u00f3 com a m\u00e0xim d\u20191 persona en r\u00e8gim laboral.<\/li>\n<li>Almenys el 85% dels serveis que presta s\u2019han de consumir fora d\u2019Andorra.<\/li>\n<li>Acreditaci\u00f3 d\u2019un pla de negoci viable.<\/li>\n<\/ul>\n<\/div>\n\t\t\t\t<\/div>\n\t\t\t\t\t\t\t\t<\/div>\n\t\t\t\t\t\t<\/div>\n\t\t\t\t<\/div>\n\t\t\t\t\t<\/div>\n\t\t<\/div>\n\t\t\t\t\t<\/div>\n\t\t<\/section>\n\t\t\t\t<\/div>\n\t\t","protected":false},"excerpt":{"rendered":"<p>Resid\u00e8ncia de professionals amb projecci\u00f3 internacional Aquest perfil de resid\u00e8ncia es dirigeix a professionals amb una activitat eminentment internacional i sense cap intervenci\u00f3 substancial en el mercat andorr\u00e0, dedicats a serveis que es poden prestar a dist\u00e0ncia. Hi ha una \u00e0mplia varietat d\u2019exemples d\u2019aquesta tipologia de professionals, com ara programadors, assessors o traders; fins i [&hellip;]<\/p>\n","protected":false},"author":1,"featured_media":0,"parent":1323,"menu_order":0,"comment_status":"closed","ping_status":"closed","template":"","meta":{"_acf_changed":false,"footnotes":""},"class_list":["post-1357","page","type-page","status-publish","hentry"],"acf":[],"_links":{"self":[{"href":"https:\/\/www.augelegalfiscal.com\/ca\/wp-json\/wp\/v2\/pages\/1357","targetHints":{"allow":["GET"]}}],"collection":[{"href":"https:\/\/www.augelegalfiscal.com\/ca\/wp-json\/wp\/v2\/pages"}],"about":[{"href":"https:\/\/www.augelegalfiscal.com\/ca\/wp-json\/wp\/v2\/types\/page"}],"author":[{"embeddable":true,"href":"https:\/\/www.augelegalfiscal.com\/ca\/wp-json\/wp\/v2\/users\/1"}],"replies":[{"embeddable":true,"href":"https:\/\/www.augelegalfiscal.com\/ca\/wp-json\/wp\/v2\/comments?post=1357"}],"version-history":[{"count":6,"href":"https:\/\/www.augelegalfiscal.com\/ca\/wp-json\/wp\/v2\/pages\/1357\/revisions"}],"predecessor-version":[{"id":7247,"href":"https:\/\/www.augelegalfiscal.com\/ca\/wp-json\/wp\/v2\/pages\/1357\/revisions\/7247"}],"up":[{"embeddable":true,"href":"https:\/\/www.augelegalfiscal.com\/ca\/wp-json\/wp\/v2\/pages\/1323"}],"wp:attachment":[{"href":"https:\/\/www.augelegalfiscal.com\/ca\/wp-json\/wp\/v2\/media?parent=1357"}],"curies":[{"name":"wp","href":"https:\/\/api.w.org\/{rel}","templated":true}]}}

Residència de professionals amb projecció internacional

<div data-elementor-type="wp-page" data-elementor-id="1357" class="elementor elementor-1357 elementor-686" data-elementor-post-type="page">
						<section class="elementor-section elementor-top-section elementor-element elementor-element-21251f69 elementor-section-full_width elementor-section-height-default elementor-section-height-default" data-id="21251f69" data-element_type="section">
						<div class="elementor-container elementor-column-gap-default">
					<div class="elementor-column elementor-col-50 elementor-top-column elementor-element elementor-element-3a91293c" data-id="3a91293c" data-element_type="column" data-settings="{&quot;background_background&quot;:&quot;classic&quot;}">
			<div class="elementor-widget-wrap elementor-element-populated">
						<div class="elementor-element elementor-element-7d2cf65e elementor-widget elementor-widget-heading" data-id="7d2cf65e" data-element_type="widget" data-widget_type="heading.default">
				<div class="elementor-widget-container">
					<h2 class="elementor-heading-title elementor-size-default">Residència de professionals amb projecció internacional</h2>				</div>
				</div>
				<div class="elementor-element elementor-element-2cafad6b elementor-widget elementor-widget-text-editor" data-id="2cafad6b" data-element_type="widget" data-widget_type="text-editor.default">
				<div class="elementor-widget-container">
									<p>Aquest perfil de residència es dirigeix a <span style="color: #a22d58;"><strong>professionals amb una activitat eminentment internacional i sense cap intervenció substancial en el mercat andorrà</strong></span>, dedicats a serveis que es poden prestar a distància.<br />
Hi ha una àmplia varietat d’exemples d’aquesta tipologia de professionals, com ara programadors, assessors o traders; fins i tot és un perfil de residència atractiu per a models, influencers i nòmades digitals.</p>
								</div>
				</div>
					</div>
		</div>
				<div class="elementor-column elementor-col-50 elementor-top-column elementor-element elementor-element-191d33d1 elementor-hidden-phone" data-id="191d33d1" data-element_type="column" data-settings="{&quot;background_background&quot;:&quot;classic&quot;}">
			<div class="elementor-widget-wrap elementor-element-populated">
						<div class="elementor-element elementor-element-a8786f8 elementor-widget elementor-widget-spacer" data-id="a8786f8" data-element_type="widget" data-widget_type="spacer.default">
				<div class="elementor-widget-container">
							<div class="elementor-spacer">
			<div class="elementor-spacer-inner"></div>
		</div>
						</div>
				</div>
					</div>
		</div>
					</div>
		</section>
				<section class="elementor-section elementor-top-section elementor-element elementor-element-3b526a33 elementor-section-boxed elementor-section-height-default elementor-section-height-default" data-id="3b526a33" data-element_type="section" data-settings="{&quot;background_background&quot;:&quot;classic&quot;}">
						<div class="elementor-container elementor-column-gap-default">
					<div class="elementor-column elementor-col-100 elementor-top-column elementor-element elementor-element-1be31b81" data-id="1be31b81" data-element_type="column">
			<div class="elementor-widget-wrap elementor-element-populated">
						<div class="elementor-element elementor-element-7393e609 elementor-widget elementor-widget-heading" data-id="7393e609" data-element_type="widget" data-widget_type="heading.default">
				<div class="elementor-widget-container">
					<h3 class="elementor-heading-title elementor-size-default">Requisits comuns per accedir a aquesta modalitat</h3>				</div>
				</div>
				<div class="elementor-element elementor-element-5ff0405b elementor-widget elementor-widget-accordion" data-id="5ff0405b" data-element_type="widget" data-widget_type="accordion.default">
				<div class="elementor-widget-container">
							<div class="elementor-accordion">
							<div class="elementor-accordion-item">
					<div id="elementor-tab-title-1601" class="elementor-tab-title" data-tab="1" role="button" aria-controls="elementor-tab-content-1601" aria-expanded="false">
													<span class="elementor-accordion-icon elementor-accordion-icon-left" aria-hidden="true">
															<span class="elementor-accordion-icon-closed"><i class="fas fa-chevron-down"></i></span>
								<span class="elementor-accordion-icon-opened"><i class="fas fa-chevron-up"></i></span>
														</span>
												<a class="elementor-accordion-title" tabindex="0"></a>
					</div>
					<div id="elementor-tab-content-1601" class="elementor-tab-content elementor-clearfix" data-tab="1" role="region" aria-labelledby="elementor-tab-title-1601"><ul>
<li>Dipòsit de 47.500 € a l’AFA pel titular, recuperable i no remunerat.</li>
<li>Dipòsit de 9.500 € a l’AFA per cada persona a càrrec.</li>
<li>Disposar de mitjans econòmics suficients per mantenir-se el titular i les seves persones a càrrec a Andorra.</li>
<li>Adquirir o llogar un habitatge a Andorra.</li>
<li>Assegurança mèdica, incapacitat i vellesa amb cobertura per a Andorra.*</li>
<li>Residència mínima: 90 dies a l’any.</li>
</ul>
<p>
<em>*Menors d’edat i majors de 65 anys: només assegurança mèdica.</em></p>
</div>
				</div>
								</div>
						</div>
				</div>
					</div>
		</div>
					</div>
		</section>
				<section class="elementor-section elementor-top-section elementor-element elementor-element-a2f855e elementor-section-boxed elementor-section-height-default elementor-section-height-default" data-id="a2f855e" data-element_type="section" data-settings="{&quot;background_background&quot;:&quot;classic&quot;}">
						<div class="elementor-container elementor-column-gap-default">
					<div class="elementor-column elementor-col-100 elementor-top-column elementor-element elementor-element-561b418" data-id="561b418" data-element_type="column">
			<div class="elementor-widget-wrap elementor-element-populated">
						<div class="elementor-element elementor-element-3b254d9 elementor-widget elementor-widget-heading" data-id="3b254d9" data-element_type="widget" data-widget_type="heading.default">
				<div class="elementor-widget-container">
					<h3 class="elementor-heading-title elementor-size-default">Condicions particulars</h3>				</div>
				</div>
				<div class="elementor-element elementor-element-93fc6ff elementor-widget elementor-widget-accordion" data-id="93fc6ff" data-element_type="widget" data-widget_type="accordion.default">
				<div class="elementor-widget-container">
							<div class="elementor-accordion">
							<div class="elementor-accordion-item">
					<div id="elementor-tab-title-1551" class="elementor-tab-title" data-tab="1" role="button" aria-controls="elementor-tab-content-1551" aria-expanded="false">
													<span class="elementor-accordion-icon elementor-accordion-icon-left" aria-hidden="true">
															<span class="elementor-accordion-icon-closed"><i class="fas fa-chevron-down"></i></span>
								<span class="elementor-accordion-icon-opened"><i class="fas fa-chevron-up"></i></span>
														</span>
												<a class="elementor-accordion-title" tabindex="0"></a>
					</div>
					<div id="elementor-tab-content-1551" class="elementor-tab-content elementor-clearfix" data-tab="1" role="region" aria-labelledby="elementor-tab-title-1551"><ul>
<li>Seu d’activitat a Andorra.</li>
<li>Contractació com a màxim d’1 persona en règim laboral.</li>
<li>Almenys el 85% dels serveis que presta s’han de consumir fora d’Andorra.</li>
<li>Acreditació d’un pla de negoci viable.</li>
</ul>
</div>
				</div>
								</div>
						</div>
				</div>
					</div>
		</div>
					</div>
		</section>
				</div>

<p>Residència de professionals amb projecció internacional Aquest perfil de residència es dirigeix a professionals amb una activitat eminentment internacional i sense cap intervenció substancial en el mercat andorrà, dedicats a serveis que es poden prestar a distància. Hi ha una àmplia varietat d’exemples d’aquesta tipologia de professionals, com ara programadors, assessors o traders; fins i [&hellip;]</p>
