{"id":1349,"date":"2020-03-28T10:31:05","date_gmt":"2020-03-28T09:31:05","guid":{"rendered":"https:\/\/www.augelegalfiscal.com\/area-immigracio\/residencia-de-professionals-amb-interes-esportiu-cientific-o-cultural\/"},"modified":"2023-03-08T14:46:58","modified_gmt":"2023-03-08T13:46:58","slug":"residencia-de-professionals-amb-interes-esportiu-cientific-o-cultural","status":"publish","type":"page","link":"https:\/\/www.augelegalfiscal.com\/ca\/area-immigracio\/residencia-de-professionals-amb-interes-esportiu-cientific-o-cultural\/","title":{"rendered":"Resid\u00e8ncia de professionals amb inter\u00e8s esportiu, cient\u00edfic o cultural"},"content":{"rendered":"\t\t<div data-elementor-type=\"wp-page\" data-elementor-id=\"1349\" class=\"elementor elementor-1349 elementor-693\" data-elementor-post-type=\"page\">\n\t\t\t\t\t\t<section class=\"elementor-section elementor-top-section elementor-element elementor-element-6fb30a12 elementor-section-full_width elementor-section-height-default elementor-section-height-default\" data-id=\"6fb30a12\" data-element_type=\"section\">\n\t\t\t\t\t\t<div class=\"elementor-container elementor-column-gap-default\">\n\t\t\t\t\t<div class=\"elementor-column elementor-col-50 elementor-top-column elementor-element elementor-element-2e8981db\" data-id=\"2e8981db\" data-element_type=\"column\" data-settings=\"{&quot;background_background&quot;:&quot;classic&quot;}\">\n\t\t\t<div class=\"elementor-widget-wrap elementor-element-populated\">\n\t\t\t\t\t\t<div class=\"elementor-element elementor-element-562e0704 elementor-widget elementor-widget-heading\" data-id=\"562e0704\" data-element_type=\"widget\" data-widget_type=\"heading.default\">\n\t\t\t\t<div class=\"elementor-widget-container\">\n\t\t\t\t\t<h2 class=\"elementor-heading-title elementor-size-default\">Resid\u00e8ncia de professionals amb inter\u00e8s esportiu, cient\u00edfic o cultural<\/h2>\t\t\t\t<\/div>\n\t\t\t\t<\/div>\n\t\t\t\t<div class=\"elementor-element elementor-element-17877fdb elementor-widget elementor-widget-text-editor\" data-id=\"17877fdb\" data-element_type=\"widget\" data-widget_type=\"text-editor.default\">\n\t\t\t\t<div class=\"elementor-widget-container\">\n\t\t\t\t\t\t\t\t\t<p>Aquest perfil de resid\u00e8ncia es dirigeix sobretot a <span style=\"color: #a22d58;\"><strong>persones amb reconeixement internacional pel seu talent al m\u00f3n de la ci\u00e8ncia, la cultura o l\u2019esport<\/strong><\/span>.<\/p>\n<p>Tanmateix, han de ser les autoritats andorranes les que verifiquin i contrastin aquest inter\u00e8s per al Principat d\u2019Andorra d\u2019acord amb el reconeixement de la figura que sol\u00b7licita la resid\u00e8ncia.<\/p>\n\t\t\t\t\t\t\t\t<\/div>\n\t\t\t\t<\/div>\n\t\t\t\t\t<\/div>\n\t\t<\/div>\n\t\t\t\t<div class=\"elementor-column elementor-col-50 elementor-top-column elementor-element elementor-element-489deabc elementor-hidden-phone\" data-id=\"489deabc\" data-element_type=\"column\" data-settings=\"{&quot;background_background&quot;:&quot;classic&quot;}\">\n\t\t\t<div class=\"elementor-widget-wrap elementor-element-populated\">\n\t\t\t\t\t\t<div class=\"elementor-element elementor-element-f1c6144 elementor-widget elementor-widget-spacer\" data-id=\"f1c6144\" data-element_type=\"widget\" data-widget_type=\"spacer.default\">\n\t\t\t\t<div class=\"elementor-widget-container\">\n\t\t\t\t\t\t\t<div class=\"elementor-spacer\">\n\t\t\t<div class=\"elementor-spacer-inner\"><\/div>\n\t\t<\/div>\n\t\t\t\t\t\t<\/div>\n\t\t\t\t<\/div>\n\t\t\t\t\t<\/div>\n\t\t<\/div>\n\t\t\t\t\t<\/div>\n\t\t<\/section>\n\t\t\t\t<section class=\"elementor-section elementor-top-section elementor-element elementor-element-69521138 elementor-section-boxed elementor-section-height-default elementor-section-height-default\" data-id=\"69521138\" data-element_type=\"section\" data-settings=\"{&quot;background_background&quot;:&quot;classic&quot;}\">\n\t\t\t\t\t\t<div class=\"elementor-container elementor-column-gap-default\">\n\t\t\t\t\t<div class=\"elementor-column elementor-col-100 elementor-top-column elementor-element elementor-element-646857c9\" data-id=\"646857c9\" data-element_type=\"column\">\n\t\t\t<div class=\"elementor-widget-wrap elementor-element-populated\">\n\t\t\t\t\t\t<div class=\"elementor-element elementor-element-2dc2a432 elementor-widget elementor-widget-heading\" data-id=\"2dc2a432\" data-element_type=\"widget\" data-widget_type=\"heading.default\">\n\t\t\t\t<div class=\"elementor-widget-container\">\n\t\t\t\t\t<h3 class=\"elementor-heading-title elementor-size-default\">T\u00e9 com a requisits comuns els seg\u00fcents<\/h3>\t\t\t\t<\/div>\n\t\t\t\t<\/div>\n\t\t\t\t<div class=\"elementor-element elementor-element-7854d11f elementor-widget elementor-widget-accordion\" data-id=\"7854d11f\" data-element_type=\"widget\" data-widget_type=\"accordion.default\">\n\t\t\t\t<div class=\"elementor-widget-container\">\n\t\t\t\t\t\t\t<div class=\"elementor-accordion\">\n\t\t\t\t\t\t\t<div class=\"elementor-accordion-item\">\n\t\t\t\t\t<div id=\"elementor-tab-title-2011\" class=\"elementor-tab-title\" data-tab=\"1\" role=\"button\" aria-controls=\"elementor-tab-content-2011\" aria-expanded=\"false\">\n\t\t\t\t\t\t\t\t\t\t\t\t\t<span class=\"elementor-accordion-icon elementor-accordion-icon-left\" aria-hidden=\"true\">\n\t\t\t\t\t\t\t\t\t\t\t\t\t\t\t<span class=\"elementor-accordion-icon-closed\"><i class=\"fas fa-chevron-down\"><\/i><\/span>\n\t\t\t\t\t\t\t\t<span class=\"elementor-accordion-icon-opened\"><i class=\"fas fa-chevron-up\"><\/i><\/span>\n\t\t\t\t\t\t\t\t\t\t\t\t\t\t<\/span>\n\t\t\t\t\t\t\t\t\t\t\t\t<a class=\"elementor-accordion-title\" tabindex=\"0\"><\/a>\n\t\t\t\t\t<\/div>\n\t\t\t\t\t<div id=\"elementor-tab-content-2011\" class=\"elementor-tab-content elementor-clearfix\" data-tab=\"1\" role=\"region\" aria-labelledby=\"elementor-tab-title-2011\"><ul>\n<li>Dip\u00f2sit de 47.500 \u20ac a l\u2019AFA pel titular, recuperable i no remunerat.<\/li>\n<li>Dip\u00f2sit de 9.500 \u20ac a l\u2019AFA per cada persona a c\u00e0rrec.<\/li>\n<li>Disposar de mitjans econ\u00f2mics suficients per mantenir-se el titular i les seves persones a c\u00e0rrec a Andorra.<\/li>\n<li>Adquirir o llogar un habitatge a Andorra.<\/li>\n<li>Asseguran\u00e7a m\u00e8dica, incapacitat i vellesa amb cobertura per a Andorra.*<\/li>\n<li>Resid\u00e8ncia m\u00ednima: 90 dies a l\u2019any.<\/li>\n<\/ul>\n<p>\n<em>*Menors d\u2019edat i majors de 65 anys: nom\u00e9s asseguran\u00e7a m\u00e8dica.<\/em><\/p>\n<\/div>\n\t\t\t\t<\/div>\n\t\t\t\t\t\t\t\t<\/div>\n\t\t\t\t\t\t<\/div>\n\t\t\t\t<\/div>\n\t\t\t\t\t<\/div>\n\t\t<\/div>\n\t\t\t\t\t<\/div>\n\t\t<\/section>\n\t\t\t\t<section class=\"elementor-section elementor-top-section elementor-element elementor-element-92f2acb elementor-section-boxed elementor-section-height-default elementor-section-height-default\" data-id=\"92f2acb\" data-element_type=\"section\" data-settings=\"{&quot;background_background&quot;:&quot;classic&quot;}\">\n\t\t\t\t\t\t<div class=\"elementor-container elementor-column-gap-default\">\n\t\t\t\t\t<div class=\"elementor-column elementor-col-100 elementor-top-column elementor-element elementor-element-9d9182e\" data-id=\"9d9182e\" data-element_type=\"column\">\n\t\t\t<div class=\"elementor-widget-wrap elementor-element-populated\">\n\t\t\t\t\t\t<div class=\"elementor-element elementor-element-74417af elementor-widget elementor-widget-heading\" data-id=\"74417af\" data-element_type=\"widget\" data-widget_type=\"heading.default\">\n\t\t\t\t<div class=\"elementor-widget-container\">\n\t\t\t\t\t<h3 class=\"elementor-heading-title elementor-size-default\">Condicions particulars<\/h3>\t\t\t\t<\/div>\n\t\t\t\t<\/div>\n\t\t\t\t<div class=\"elementor-element elementor-element-d4c40e7 elementor-widget elementor-widget-accordion\" data-id=\"d4c40e7\" data-element_type=\"widget\" data-widget_type=\"accordion.default\">\n\t\t\t\t<div class=\"elementor-widget-container\">\n\t\t\t\t\t\t\t<div class=\"elementor-accordion\">\n\t\t\t\t\t\t\t<div class=\"elementor-accordion-item\">\n\t\t\t\t\t<div id=\"elementor-tab-title-2231\" class=\"elementor-tab-title\" data-tab=\"1\" role=\"button\" aria-controls=\"elementor-tab-content-2231\" aria-expanded=\"false\">\n\t\t\t\t\t\t\t\t\t\t\t\t\t<span class=\"elementor-accordion-icon elementor-accordion-icon-left\" aria-hidden=\"true\">\n\t\t\t\t\t\t\t\t\t\t\t\t\t\t\t<span class=\"elementor-accordion-icon-closed\"><i class=\"fas fa-chevron-down\"><\/i><\/span>\n\t\t\t\t\t\t\t\t<span class=\"elementor-accordion-icon-opened\"><i class=\"fas fa-chevron-up\"><\/i><\/span>\n\t\t\t\t\t\t\t\t\t\t\t\t\t\t<\/span>\n\t\t\t\t\t\t\t\t\t\t\t\t<a class=\"elementor-accordion-title\" tabindex=\"0\"><\/a>\n\t\t\t\t\t<\/div>\n\t\t\t\t\t<div id=\"elementor-tab-content-2231\" class=\"elementor-tab-content elementor-clearfix\" data-tab=\"1\" role=\"region\" aria-labelledby=\"elementor-tab-title-2231\"><ul>\n<li>Almenys el 85% dels serveis que presta per raons d\u2019inter\u00e8s cient\u00edfic, cultural i esportiu s\u2019han de consumir fora d\u2019Andorra.<\/li>\n<\/ul>\n<\/div>\n\t\t\t\t<\/div>\n\t\t\t\t\t\t\t\t<\/div>\n\t\t\t\t\t\t<\/div>\n\t\t\t\t<\/div>\n\t\t\t\t\t<\/div>\n\t\t<\/div>\n\t\t\t\t\t<\/div>\n\t\t<\/section>\n\t\t\t\t<\/div>\n\t\t","protected":false},"excerpt":{"rendered":"<p>Resid\u00e8ncia de professionals amb inter\u00e8s esportiu, cient\u00edfic o cultural Aquest perfil de resid\u00e8ncia es dirigeix sobretot a persones amb reconeixement internacional pel seu talent al m\u00f3n de la ci\u00e8ncia, la cultura o l\u2019esport. Tanmateix, han de ser les autoritats andorranes les que verifiquin i contrastin aquest inter\u00e8s per al Principat d\u2019Andorra d\u2019acord amb el reconeixement [&hellip;]<\/p>\n","protected":false},"author":1,"featured_media":0,"parent":1323,"menu_order":0,"comment_status":"closed","ping_status":"closed","template":"","meta":{"_acf_changed":false,"footnotes":""},"class_list":["post-1349","page","type-page","status-publish","hentry"],"acf":[],"_links":{"self":[{"href":"https:\/\/www.augelegalfiscal.com\/ca\/wp-json\/wp\/v2\/pages\/1349","targetHints":{"allow":["GET"]}}],"collection":[{"href":"https:\/\/www.augelegalfiscal.com\/ca\/wp-json\/wp\/v2\/pages"}],"about":[{"href":"https:\/\/www.augelegalfiscal.com\/ca\/wp-json\/wp\/v2\/types\/page"}],"author":[{"embeddable":true,"href":"https:\/\/www.augelegalfiscal.com\/ca\/wp-json\/wp\/v2\/users\/1"}],"replies":[{"embeddable":true,"href":"https:\/\/www.augelegalfiscal.com\/ca\/wp-json\/wp\/v2\/comments?post=1349"}],"version-history":[{"count":4,"href":"https:\/\/www.augelegalfiscal.com\/ca\/wp-json\/wp\/v2\/pages\/1349\/revisions"}],"predecessor-version":[{"id":7240,"href":"https:\/\/www.augelegalfiscal.com\/ca\/wp-json\/wp\/v2\/pages\/1349\/revisions\/7240"}],"up":[{"embeddable":true,"href":"https:\/\/www.augelegalfiscal.com\/ca\/wp-json\/wp\/v2\/pages\/1323"}],"wp:attachment":[{"href":"https:\/\/www.augelegalfiscal.com\/ca\/wp-json\/wp\/v2\/media?parent=1349"}],"curies":[{"name":"wp","href":"https:\/\/api.w.org\/{rel}","templated":true}]}}

Residència de professionals amb interès esportiu, científic o cultural

<div data-elementor-type="wp-page" data-elementor-id="1349" class="elementor elementor-1349 elementor-693" data-elementor-post-type="page">
						<section class="elementor-section elementor-top-section elementor-element elementor-element-6fb30a12 elementor-section-full_width elementor-section-height-default elementor-section-height-default" data-id="6fb30a12" data-element_type="section">
						<div class="elementor-container elementor-column-gap-default">
					<div class="elementor-column elementor-col-50 elementor-top-column elementor-element elementor-element-2e8981db" data-id="2e8981db" data-element_type="column" data-settings="{&quot;background_background&quot;:&quot;classic&quot;}">
			<div class="elementor-widget-wrap elementor-element-populated">
						<div class="elementor-element elementor-element-562e0704 elementor-widget elementor-widget-heading" data-id="562e0704" data-element_type="widget" data-widget_type="heading.default">
				<div class="elementor-widget-container">
					<h2 class="elementor-heading-title elementor-size-default">Residència de professionals amb interès esportiu, científic o cultural</h2>				</div>
				</div>
				<div class="elementor-element elementor-element-17877fdb elementor-widget elementor-widget-text-editor" data-id="17877fdb" data-element_type="widget" data-widget_type="text-editor.default">
				<div class="elementor-widget-container">
									<p>Aquest perfil de residència es dirigeix sobretot a <span style="color: #a22d58;"><strong>persones amb reconeixement internacional pel seu talent al món de la ciència, la cultura o l’esport</strong></span>.</p>
<p>Tanmateix, han de ser les autoritats andorranes les que verifiquin i contrastin aquest interès per al Principat d’Andorra d’acord amb el reconeixement de la figura que sol·licita la residència.</p>
								</div>
				</div>
					</div>
		</div>
				<div class="elementor-column elementor-col-50 elementor-top-column elementor-element elementor-element-489deabc elementor-hidden-phone" data-id="489deabc" data-element_type="column" data-settings="{&quot;background_background&quot;:&quot;classic&quot;}">
			<div class="elementor-widget-wrap elementor-element-populated">
						<div class="elementor-element elementor-element-f1c6144 elementor-widget elementor-widget-spacer" data-id="f1c6144" data-element_type="widget" data-widget_type="spacer.default">
				<div class="elementor-widget-container">
							<div class="elementor-spacer">
			<div class="elementor-spacer-inner"></div>
		</div>
						</div>
				</div>
					</div>
		</div>
					</div>
		</section>
				<section class="elementor-section elementor-top-section elementor-element elementor-element-69521138 elementor-section-boxed elementor-section-height-default elementor-section-height-default" data-id="69521138" data-element_type="section" data-settings="{&quot;background_background&quot;:&quot;classic&quot;}">
						<div class="elementor-container elementor-column-gap-default">
					<div class="elementor-column elementor-col-100 elementor-top-column elementor-element elementor-element-646857c9" data-id="646857c9" data-element_type="column">
			<div class="elementor-widget-wrap elementor-element-populated">
						<div class="elementor-element elementor-element-2dc2a432 elementor-widget elementor-widget-heading" data-id="2dc2a432" data-element_type="widget" data-widget_type="heading.default">
				<div class="elementor-widget-container">
					<h3 class="elementor-heading-title elementor-size-default">Té com a requisits comuns els següents</h3>				</div>
				</div>
				<div class="elementor-element elementor-element-7854d11f elementor-widget elementor-widget-accordion" data-id="7854d11f" data-element_type="widget" data-widget_type="accordion.default">
				<div class="elementor-widget-container">
							<div class="elementor-accordion">
							<div class="elementor-accordion-item">
					<div id="elementor-tab-title-2011" class="elementor-tab-title" data-tab="1" role="button" aria-controls="elementor-tab-content-2011" aria-expanded="false">
													<span class="elementor-accordion-icon elementor-accordion-icon-left" aria-hidden="true">
															<span class="elementor-accordion-icon-closed"><i class="fas fa-chevron-down"></i></span>
								<span class="elementor-accordion-icon-opened"><i class="fas fa-chevron-up"></i></span>
														</span>
												<a class="elementor-accordion-title" tabindex="0"></a>
					</div>
					<div id="elementor-tab-content-2011" class="elementor-tab-content elementor-clearfix" data-tab="1" role="region" aria-labelledby="elementor-tab-title-2011"><ul>
<li>Dipòsit de 47.500 € a l’AFA pel titular, recuperable i no remunerat.</li>
<li>Dipòsit de 9.500 € a l’AFA per cada persona a càrrec.</li>
<li>Disposar de mitjans econòmics suficients per mantenir-se el titular i les seves persones a càrrec a Andorra.</li>
<li>Adquirir o llogar un habitatge a Andorra.</li>
<li>Assegurança mèdica, incapacitat i vellesa amb cobertura per a Andorra.*</li>
<li>Residència mínima: 90 dies a l’any.</li>
</ul>
<p>
<em>*Menors d’edat i majors de 65 anys: només assegurança mèdica.</em></p>
</div>
				</div>
								</div>
						</div>
				</div>
					</div>
		</div>
					</div>
		</section>
				<section class="elementor-section elementor-top-section elementor-element elementor-element-92f2acb elementor-section-boxed elementor-section-height-default elementor-section-height-default" data-id="92f2acb" data-element_type="section" data-settings="{&quot;background_background&quot;:&quot;classic&quot;}">
						<div class="elementor-container elementor-column-gap-default">
					<div class="elementor-column elementor-col-100 elementor-top-column elementor-element elementor-element-9d9182e" data-id="9d9182e" data-element_type="column">
			<div class="elementor-widget-wrap elementor-element-populated">
						<div class="elementor-element elementor-element-74417af elementor-widget elementor-widget-heading" data-id="74417af" data-element_type="widget" data-widget_type="heading.default">
				<div class="elementor-widget-container">
					<h3 class="elementor-heading-title elementor-size-default">Condicions particulars</h3>				</div>
				</div>
				<div class="elementor-element elementor-element-d4c40e7 elementor-widget elementor-widget-accordion" data-id="d4c40e7" data-element_type="widget" data-widget_type="accordion.default">
				<div class="elementor-widget-container">
							<div class="elementor-accordion">
							<div class="elementor-accordion-item">
					<div id="elementor-tab-title-2231" class="elementor-tab-title" data-tab="1" role="button" aria-controls="elementor-tab-content-2231" aria-expanded="false">
													<span class="elementor-accordion-icon elementor-accordion-icon-left" aria-hidden="true">
															<span class="elementor-accordion-icon-closed"><i class="fas fa-chevron-down"></i></span>
								<span class="elementor-accordion-icon-opened"><i class="fas fa-chevron-up"></i></span>
														</span>
												<a class="elementor-accordion-title" tabindex="0"></a>
					</div>
					<div id="elementor-tab-content-2231" class="elementor-tab-content elementor-clearfix" data-tab="1" role="region" aria-labelledby="elementor-tab-title-2231"><ul>
<li>Almenys el 85% dels serveis que presta per raons d’interès científic, cultural i esportiu s’han de consumir fora d’Andorra.</li>
</ul>
</div>
				</div>
								</div>
						</div>
				</div>
					</div>
		</div>
					</div>
		</section>
				</div>

<p>Residència de professionals amb interès esportiu, científic o cultural Aquest perfil de residència es dirigeix sobretot a persones amb reconeixement internacional pel seu talent al món de la ciència, la cultura o l’esport. Tanmateix, han de ser les autoritats andorranes les que verifiquin i contrastin aquest interès per al Principat d’Andorra d’acord amb el reconeixement [&hellip;]</p>
